Last updated on 2017-09-26 01:47:46.
Flavor | Version | Tinstall | Tcheck | Ttotal | Status | Flags |
---|---|---|---|---|---|---|
r-devel-linux-x86_64-debian-clang | 0.4-21 | 1.18 | 26.45 | 27.63 | OK | |
r-devel-linux-x86_64-debian-gcc | 0.4-21 | 1.40 | 26.52 | 27.92 | OK | |
r-devel-linux-x86_64-fedora-clang | 0.4-21 | 50.12 | OK | |||
r-devel-linux-x86_64-fedora-gcc | 0.4-21 | 49.45 | OK | |||
r-devel-windows-ix86+x86_64 | 0.4-21 | 5.00 | 57.00 | 62.00 | OK | |
r-patched-linux-x86_64 | 0.4-21 | 1.30 | 26.72 | 28.01 | OK | |
r-patched-solaris-x86 | 0.4-21 | 63.80 | OK | |||
r-release-linux-x86_64 | 0.4-21 | 1.22 | 27.03 | 28.25 | OK | |
r-release-windows-ix86+x86_64 | 0.4-21 | 4.00 | 80.00 | 84.00 | OK | |
r-release-osx-x86_64 | 0.4-21 | NOTE | ||||
r-oldrel-windows-ix86+x86_64 | 0.4-21 | 6.00 | 54.00 | 60.00 | OK | |
r-oldrel-osx-x86_64 | 0.4-21 | OK |
Version: 0.4-21
Check: re-building of vignette outputs
Result: NOTE
Error in re-building vignettes:
...
Loading required package: gbRd
Error in texi2dvi(file = file, pdf = TRUE, clean = clean, quiet = quiet, :
Running 'texi2dvi' on 'Inserting_bibtex_references.tex' failed.
LaTeX errors:
! LaTeX Error: File `a4wide.sty' not found.
Type X to quit or <RETURN> to proceed,
or enter new name. (Default extension: sty)
! Emergency stop.
<read *>
l.5 \usepackage
{graphicx,color,alltt}^^M
! ==> Fatal error occurred, no output PDF file produced!
Calls: buildVignettes -> texi2pdf -> texi2dvi
Execution halted
Flavor: r-release-osx-x86_64