CRAN Package Check Results for Package RgoogleMaps

Last updated on 2017-09-26 01:47:47.

Flavor Version Tinstall Tcheck Ttotal Status Flags
r-devel-linux-x86_64-debian-clang 1.4.1 1.02 34.01 35.03 OK
r-devel-linux-x86_64-debian-gcc 1.4.1 1.03 33.01 34.05 OK
r-devel-linux-x86_64-fedora-clang 1.4.1 42.41 ERROR
r-devel-linux-x86_64-fedora-gcc 1.4.1 46.26 OK
r-devel-windows-ix86+x86_64 1.4.1 7.00 51.00 58.00 OK
r-patched-linux-x86_64 1.4.1 1.06 34.29 35.35 OK
r-patched-solaris-x86 1.4.1 55.40 OK
r-release-linux-x86_64 1.4.1 0.98 33.07 34.05 OK
r-release-windows-ix86+x86_64 1.4.1 3.00 48.00 51.00 ERROR
r-release-osx-x86_64 1.4.1 OK
r-oldrel-windows-ix86+x86_64 1.4.1 6.00 40.00 46.00 ERROR
r-oldrel-osx-x86_64 1.4.1 OK

Check Details

Version: 1.4.1
Check: examples
Result: ERROR
    Running examples in ‘RgoogleMaps-Ex.R’ failed
    The error most likely occurred in:
    
    > ### Name: GetMap
    > ### Title: download a static map from the Google server
    > ### Aliases: GetMap
    >
    > ### ** Examples
    >
    >
    >
    > lat = c(40.702147,40.718217,40.711614);
    >
    >
    > lon = c(-74.012318,-74.015794,-73.998284);
    >
    >
    > center = c(mean(lat), mean(lon));
    >
    >
    > zoom <- min(MaxZoom(range(lat), range(lon)));
    >
    >
    > #this overhead is taken care of implicitly by GetMap.bbox();
    >
    >
    > markers = paste0("&markers=color:blue|label:S|40.702147,-74.015794&markers=color:",
    +
    +
    + "green|label:G|40.711614,-74.012318&markers=color:red|color:red|",
    +
    +
    + "label:C|40.718217,-73.998284")
    >
    >
    > MyMap <- GetMap(center=center, zoom=zoom,markers=markers);
    Warning in download.file(urlStr, destfile, mode = "wb", quiet = TRUE) :
     cannot open URL 'http://maps.google.com/maps/api/staticmap?center=40.7106593333333,-74.0087986666667&zoom=15&size=640x640&maptype=mobile&format=png32&sensor=true&markers=color:blue|label:S|40.702147,-74.015794&markers=color:green|label:G|40.711614,-74.012318&markers=color:red|color:red|label:C|40.718217,-73.998284': HTTP status was '403 Forbidden'
    Error in download.file(urlStr, destfile, mode = "wb", quiet = TRUE) :
     cannot open URL 'http://maps.google.com/maps/api/staticmap?center=40.7106593333333,-74.0087986666667&zoom=15&size=640x640&maptype=mobile&format=png32&sensor=true&markers=color:blue|label:S|40.702147,-74.015794&markers=color:green|label:G|40.711614,-74.012318&markers=color:red|color:red|label:C|40.718217,-73.998284'
    Calls: GetMap -> download.file
    Execution halted
Flavor: r-devel-linux-x86_64-fedora-clang

Version: 1.4.1
Check: examples
Result: ERROR
    Running examples in 'RgoogleMaps-Ex.R' failed
    The error most likely occurred in:
    
    > ### Name: GetMap
    > ### Title: download a static map from the Google server
    > ### Aliases: GetMap
    >
    > ### ** Examples
    >
    > lat = c(40.702147,40.718217,40.711614);
    > lon = c(-74.012318,-74.015794,-73.998284);
    > center = c(mean(lat), mean(lon));
    > zoom <- min(MaxZoom(range(lat), range(lon)));
    > #this overhead is taken care of implicitly by GetMap.bbox();
    > markers = paste0("&markers=color:blue|label:S|40.702147,-74.015794&markers=color:",
    + "green|label:G|40.711614,-74.012318&markers=color:red|color:red|",
    + "label:C|40.718217,-73.998284")
    > MyMap <- GetMap(center=center, zoom=zoom,markers=markers);
    Warning in download.file(urlStr, destfile, mode = "wb", quiet = TRUE) :
     cannot open URL 'http://maps.google.com/maps/api/staticmap?center=40.7106593333333,-74.0087986666667&zoom=15&size=640x640&maptype=mobile&format=png32&sensor=true&markers=color:blue|label:S|40.702147,-74.015794&markers=color:green|label:G|40.711614,-74.012318&markers=color:red|color:red|label:C|40.718217,-73.998284': HTTP status was '403 Forbidden'
    Error in download.file(urlStr, destfile, mode = "wb", quiet = TRUE) :
     cannot open URL 'http://maps.google.com/maps/api/staticmap?center=40.7106593333333,-74.0087986666667&zoom=15&size=640x640&maptype=mobile&format=png32&sensor=true&markers=color:blue|label:S|40.702147,-74.015794&markers=color:green|label:G|40.711614,-74.012318&markers=color:red|color:red|label:C|40.718217,-73.998284'
    Calls: GetMap -> download.file
    Execution halted
Flavor: r-release-windows-ix86+x86_64

Version: 1.4.1
Check: examples
Result: ERROR
    Running examples in 'RgoogleMaps-Ex.R' failed
    The error most likely occurred in:
    
    > ### Name: NYleukemia
    > ### Title: Upstate New York Leukemia Data
    > ### Aliases: NYleukemia
    > ### Keywords: datasets
    >
    > ### ** Examples
    >
    > data(NYleukemia)
    > population <- NYleukemia$data$population
    > cases <- NYleukemia$data$cases
    > mapNY <- GetMap(center=c(lon=-76.00365, lat=42.67456), destfile = "NYstate.png",
    + maptype = "mobile", zoom=9)
    Warning in download.file(urlStr, destfile, mode = "wb", quiet = TRUE) :
     cannot open URL 'http://maps.google.com/maps/api/staticmap?center=42.67456,-76.00365&zoom=9&size=640x640&maptype=mobile&format=png32&sensor=true': HTTP status was '403 Forbidden'
    Error in download.file(urlStr, destfile, mode = "wb", quiet = TRUE) :
     cannot open URL 'http://maps.google.com/maps/api/staticmap?center=42.67456,-76.00365&zoom=9&size=640x640&maptype=mobile&format=png32&sensor=true'
    Calls: GetMap -> download.file
    Execution halted
Flavor: r-oldrel-windows-ix86+x86_64