Last updated on 2017-09-26 01:47:47.
Flavor | Version | Tinstall | Tcheck | Ttotal | Status | Flags |
---|---|---|---|---|---|---|
r-devel-linux-x86_64-debian-clang | 1.3.2 | 2.38 | 151.36 | 153.74 | OK | |
r-devel-linux-x86_64-debian-gcc | 1.3.2 | 2.34 | 148.66 | 151.01 | OK | |
r-devel-linux-x86_64-fedora-clang | 1.3.2 | 372.16 | OK | |||
r-devel-linux-x86_64-fedora-gcc | 1.3.2 | 342.05 | OK | |||
r-devel-windows-ix86+x86_64 | 1.3.2 | 8.00 | 233.00 | 241.00 | OK | |
r-patched-linux-x86_64 | 1.3.2 | 2.59 | 146.08 | 148.67 | OK | |
r-patched-solaris-x86 | 1.3.2 | 299.60 | NOTE | |||
r-release-linux-x86_64 | 1.3.2 | 2.66 | 145.62 | 148.29 | OK | |
r-release-windows-ix86+x86_64 | 1.3.2 | 10.00 | 236.00 | 246.00 | OK | |
r-release-osx-x86_64 | 1.3.2 | OK | ||||
r-oldrel-windows-ix86+x86_64 | 1.3.2 | 8.00 | 283.00 | 291.00 | OK | |
r-oldrel-osx-x86_64 | 1.3.2 | OK |
Version: 1.3.2
Check: installed package size
Result: NOTE
installed size is 5.4Mb
sub-directories of 1Mb or more:
data 1.0Mb
extdata 3.1Mb
Flavor: r-patched-solaris-x86