CRAN Package Check Results for Package RmixmodCombi

Last updated on 2017-09-26 01:47:48.

Flavor Version Tinstall Tcheck Ttotal Status Flags
r-devel-linux-x86_64-debian-clang 1.0 1.12 26.15 27.27 NOTE
r-devel-linux-x86_64-debian-gcc 1.0 1.09 25.57 26.65 NOTE
r-devel-linux-x86_64-fedora-clang 1.0 48.27 NOTE
r-devel-linux-x86_64-fedora-gcc 1.0 49.82 NOTE
r-devel-windows-ix86+x86_64 1.0 5.00 56.00 61.00 NOTE
r-patched-linux-x86_64 1.0 1.27 25.97 27.24 NOTE
r-patched-solaris-x86 1.0 69.80 NOTE
r-release-linux-x86_64 1.0 1.15 25.76 26.91 NOTE
r-release-windows-ix86+x86_64 1.0 4.00 66.00 70.00 NOTE
r-release-osx-x86_64 1.0 NOTE
r-oldrel-windows-ix86+x86_64 1.0 4.00 50.00 54.00 NOTE
r-oldrel-osx-x86_64 1.0 NOTE

Check Details

Version: 1.0
Check: R code for possible problems
Result: NOTE
    Combi: no visible global function definition for ‘new’
    barplotMixCluster: no visible global function definition for ‘is’
    barplotMixCluster: no visible global function definition for ‘par’
    barplotMixCluster: no visible global function definition for ‘lines’
    barplotMixCluster: no visible global function definition for ‘text’
    barplotMixCluster: no visible global function definition for ‘title’
    barplotMixCluster: no visible global function definition for ‘mtext’
    histMixCluster: no visible global function definition for ‘is’
    histMixCluster: no visible global function definition for ‘par’
    histMixCluster: no visible global function definition for ‘dnorm’
    histMixCluster: no visible global function definition for ‘lines’
    mixmodEntPlot: no visible global function definition for ‘par’
    mixmodEntPlot: no visible global function definition for ‘lines’
    mixmodEntPlot: no visible global function definition for ‘axis’
    mixmodEntPlot: no visible global function definition for ‘title’
    mixmodEntPlot: no visible binding for global variable ‘par’
    plot,MixmodCombi: no visible global function definition for ‘par’
    plot,MixmodCombi: no visible global function definition for ‘plot.new’
    plot,MixmodCombi: no visible global function definition for ‘title’
    Undefined global functions or variables:
     axis dnorm is lines mtext new par plot.new text title
    Consider adding
     importFrom("graphics", "axis", "lines", "mtext", "par", "plot.new",
     "text", "title")
     importFrom("methods", "is", "new")
     importFrom("stats", "dnorm")
    to your NAMESPACE file (and ensure that your DESCRIPTION Imports field
    contains 'methods').
Flavors: r-devel-linux-x86_64-debian-clang, r-devel-linux-x86_64-debian-gcc, r-devel-linux-x86_64-fedora-clang, r-devel-linux-x86_64-fedora-gcc, r-devel-windows-ix86+x86_64, r-patched-linux-x86_64, r-patched-solaris-x86, r-release-linux-x86_64, r-release-windows-ix86+x86_64, r-release-osx-x86_64, r-oldrel-windows-ix86+x86_64, r-oldrel-osx-x86_64