CRAN Package Check Results for Package SelvarMix

Last updated on 2017-09-26 01:47:51.

Flavor Version Tinstall Tcheck Ttotal Status Flags
r-devel-linux-x86_64-debian-clang 1.2 88.67 19.24 107.92 NOTE
r-devel-linux-x86_64-debian-gcc 1.2 78.07 18.23 96.30 NOTE
r-devel-linux-x86_64-fedora-clang 1.2 189.51 NOTE
r-devel-linux-x86_64-fedora-gcc 1.2 187.41 NOTE
r-devel-windows-ix86+x86_64 1.2 277.00 53.00 330.00 OK
r-patched-linux-x86_64 1.2 77.02 18.36 95.38 NOTE
r-patched-solaris-x86 1.2 183.90 OK
r-release-linux-x86_64 1.2 76.92 18.94 95.87 NOTE
r-release-windows-ix86+x86_64 1.2 207.00 86.00 293.00 OK
r-release-osx-x86_64 1.2 OK
r-oldrel-windows-ix86+x86_64 1.2 298.00 56.00 354.00 OK
r-oldrel-osx-x86_64 1.2 OK

Check Details

Version: 1.2
Check: compiled code
Result: NOTE
    File ‘SelvarMix/libs/SelvarMix.so’:
     Found no calls to: ‘R_registerRoutines’, ‘R_useDynamicSymbols’
    
    It is good practice to register native routines and to disable symbol
    search.
    
    See ‘Writing portable packages’ in the ‘Writing R Extensions’ manual.
Flavors: r-devel-linux-x86_64-debian-clang, r-devel-linux-x86_64-debian-gcc, r-devel-linux-x86_64-fedora-clang, r-devel-linux-x86_64-fedora-gcc, r-patched-linux-x86_64, r-release-linux-x86_64

Version: 1.2
Check: installed package size
Result: NOTE
     installed size is 5.2Mb
     sub-directories of 1Mb or more:
     libs 5.0Mb
Flavors: r-devel-linux-x86_64-fedora-clang, r-devel-linux-x86_64-fedora-gcc