Last updated on 2017-09-26 01:47:51.
Flavor | Version | Tinstall | Tcheck | Ttotal | Status | Flags |
---|---|---|---|---|---|---|
r-devel-linux-x86_64-debian-gcc | 0.1 | 0.52 | 2.42 | 2.93 | ERROR | |
r-devel-linux-x86_64-fedora-clang | 0.2 | 2.81 | ERROR | |||
r-devel-linux-x86_64-fedora-gcc | 0.1 | 1.51 | ERROR | |||
r-devel-windows-ix86+x86_64 | 0.2 | 22.00 | 202.00 | 224.00 | OK | |
r-patched-solaris-x86 | 0.1 | 3.90 | ERROR | |||
r-release-linux-x86_64 | 0.1 | 0.53 | 2.72 | 3.25 | ERROR | |
r-release-windows-ix86+x86_64 | 0.1 | 30.00 | 204.00 | 234.00 | OK | |
r-release-osx-x86_64 | 0.1 | ERROR | ||||
r-oldrel-windows-ix86+x86_64 | 0.1 | 28.00 | 255.00 | 283.00 | OK | |
r-oldrel-osx-x86_64 | 0.1 | ERROR |
Version: 0.1
Check: whether package can be installed
Result: ERROR
Installation failed.
Flavors: r-devel-linux-x86_64-debian-gcc, r-devel-linux-x86_64-fedora-gcc, r-patched-solaris-x86, r-release-linux-x86_64, r-release-osx-x86_64, r-oldrel-osx-x86_64
Version: 0.2
Check: whether package can be installed
Result: ERROR
Installation failed.
Flavor: r-devel-linux-x86_64-fedora-clang