Last updated on 2017-09-26 01:47:53.
Flavor | Version | Tinstall | Tcheck | Ttotal | Status | Flags |
---|---|---|---|---|---|---|
r-devel-linux-x86_64-debian-clang | 2.5 | 2.88 | 44.25 | 47.12 | NOTE | |
r-devel-linux-x86_64-debian-gcc | 2.5 | 2.98 | 43.25 | 46.22 | NOTE | |
r-devel-linux-x86_64-fedora-clang | 2.5 | 109.60 | NOTE | |||
r-devel-linux-x86_64-fedora-gcc | 2.5 | 102.70 | NOTE | |||
r-devel-windows-ix86+x86_64 | 2.5 | 10.00 | 93.00 | 103.00 | OK | |
r-patched-linux-x86_64 | 2.5 | 2.98 | 45.95 | 48.94 | NOTE | |
r-patched-solaris-x86 | 2.5 | 137.50 | OK | |||
r-release-linux-x86_64 | 2.5 | 2.98 | 44.62 | 47.61 | NOTE | |
r-release-windows-ix86+x86_64 | 2.5 | 10.00 | 96.00 | 106.00 | OK | |
r-release-osx-x86_64 | 2.5 | OK | ||||
r-oldrel-windows-ix86+x86_64 | 2.5 | 9.00 | 97.00 | 106.00 | OK | |
r-oldrel-osx-x86_64 | 2.5 | OK |
Version: 2.5
Check: compiled code
Result: NOTE
File ‘SparseTSCGM/libs/SparseTSCGM.so’:
Found no calls to: ‘R_registerRoutines’, ‘R_useDynamicSymbols’
It is good practice to register native routines and to disable symbol
search.
See ‘Writing portable packages’ in the ‘Writing R Extensions’ manual.
Flavors: r-devel-linux-x86_64-debian-clang, r-devel-linux-x86_64-debian-gcc, r-devel-linux-x86_64-fedora-clang, r-devel-linux-x86_64-fedora-gcc, r-patched-linux-x86_64, r-release-linux-x86_64