CRAN Package Check Results for Package StroupGLMM

Last updated on 2017-09-26 01:47:54.

Flavor Version Tinstall Tcheck Ttotal Status Flags
r-devel-linux-x86_64-debian-clang 0.1.0 5.00 62.74 67.74 OK
r-devel-linux-x86_64-debian-gcc 0.1.0 4.99 60.26 65.25 OK
r-devel-linux-x86_64-fedora-clang 0.1.0 157.09 NOTE
r-devel-linux-x86_64-fedora-gcc 0.1.0 153.63 NOTE
r-devel-windows-ix86+x86_64 0.1.0 14.00 102.00 116.00 OK
r-patched-linux-x86_64 0.1.0 5.10 63.99 69.09 OK
r-patched-solaris-x86 0.1.0 208.60 NOTE
r-release-linux-x86_64 0.1.0 5.32 62.76 68.08 OK
r-release-windows-ix86+x86_64 0.1.0 13.00 99.00 112.00 OK
r-release-osx-x86_64 0.1.0 ERROR
r-oldrel-windows-ix86+x86_64 0.1.0 15.00 110.00 125.00 OK
r-oldrel-osx-x86_64 0.1.0 NOTE

Check Details

Version: 0.1.0
Check: dependencies in R code
Result: NOTE
    Namespaces in Imports field not imported from:
     ‘broom’ ‘car’ ‘lmerTest’ ‘pbkrtest’
     All declared Imports should be used.
Flavors: r-devel-linux-x86_64-fedora-clang, r-devel-linux-x86_64-fedora-gcc, r-patched-solaris-x86, r-oldrel-osx-x86_64

Version: 0.1.0
Check: package dependencies
Result: ERROR
    Package required but not available: ‘mutoss’
    
    See section ‘The DESCRIPTION file’ in the ‘Writing R Extensions’
    manual.
Flavor: r-release-osx-x86_64