CRAN Package Check Results for Package SuppDists

Last updated on 2017-09-26 01:47:54.

Flavor Version Tinstall Tcheck Ttotal Status Flags
r-devel-linux-x86_64-debian-clang 1.1-9.4 4.17 14.49 18.67 NOTE
r-devel-linux-x86_64-debian-gcc 1.1-9.4 3.15 13.75 16.90 NOTE
r-devel-linux-x86_64-fedora-clang 1.1-9.4 32.32 NOTE
r-devel-linux-x86_64-fedora-gcc 1.1-9.4 29.88 NOTE
r-devel-windows-ix86+x86_64 1.1-9.4 19.00 33.00 52.00 OK
r-patched-linux-x86_64 1.1-9.4 3.29 14.03 17.32 NOTE
r-patched-solaris-x86 1.1-9.4 44.80 OK
r-release-linux-x86_64 1.1-9.4 3.08 14.10 17.17 NOTE
r-release-windows-ix86+x86_64 1.1-9.4 13.00 37.00 50.00 OK
r-release-osx-x86_64 1.1-9.4 OK
r-oldrel-windows-ix86+x86_64 1.1-9.4 11.00 30.00 41.00 OK
r-oldrel-osx-x86_64 1.1-9.4 OK

Additional issues

valgrind

Check Details

Version: 1.1-9.4
Check: compiled code
Result: NOTE
    File ‘SuppDists/libs/SuppDists.so’:
     Found no calls to: ‘R_registerRoutines’, ‘R_useDynamicSymbols’
    
    It is good practice to register native routines and to disable symbol
    search.
    
    See ‘Writing portable packages’ in the ‘Writing R Extensions’ manual.
Flavors: r-devel-linux-x86_64-debian-clang, r-devel-linux-x86_64-debian-gcc, r-devel-linux-x86_64-fedora-clang, r-devel-linux-x86_64-fedora-gcc, r-patched-linux-x86_64, r-release-linux-x86_64