CRAN Package Check Results for Package SynchWave

Last updated on 2017-09-26 01:47:55.

Flavor Version Tinstall Tcheck Ttotal Status Flags
r-devel-linux-x86_64-debian-clang 1.1.1 1.90 31.74 33.64 NOTE
r-devel-linux-x86_64-debian-gcc 1.1.1 2.11 31.52 33.63 NOTE
r-devel-linux-x86_64-fedora-clang 1.1.1 65.01 NOTE
r-devel-linux-x86_64-fedora-gcc 1.1.1 67.46 NOTE
r-devel-windows-ix86+x86_64 1.1.1 8.00 89.00 97.00 NOTE
r-patched-linux-x86_64 1.1.1 2.08 32.18 34.26 NOTE
r-patched-solaris-x86 1.1.1 98.50 NOTE
r-release-linux-x86_64 1.1.1 2.13 31.61 33.74 NOTE
r-release-windows-ix86+x86_64 1.1.1 8.00 82.00 90.00 NOTE
r-release-osx-x86_64 1.1.1 NOTE
r-oldrel-windows-ix86+x86_64 1.1.1 10.00 91.00 101.00 NOTE
r-oldrel-osx-x86_64 1.1.1 NOTE

Check Details

Version: 1.1.1
Check: dependencies in R code
Result: NOTE
    Package in Depends field not imported from: ‘fields’
     These packages need to be imported from (in the NAMESPACE file)
     for when this namespace is loaded but not attached.
Flavors: r-devel-linux-x86_64-debian-clang, r-devel-linux-x86_64-debian-gcc, r-devel-linux-x86_64-fedora-clang, r-devel-linux-x86_64-fedora-gcc, r-devel-windows-ix86+x86_64, r-patched-linux-x86_64, r-patched-solaris-x86, r-release-linux-x86_64, r-release-windows-ix86+x86_64, r-release-osx-x86_64, r-oldrel-windows-ix86+x86_64, r-oldrel-osx-x86_64

Version: 1.1.1
Check: R code for possible problems
Result: NOTE
    cwt_fw: no visible global function definition for ‘fft’
    cwt_iw: no visible global function definition for ‘fft’
    est_riskshrink_thresh: no visible global function definition for
     ‘median’
    Undefined global functions or variables:
     fft median
    Consider adding
     importFrom("stats", "fft", "median")
    to your NAMESPACE file.
Flavors: r-devel-linux-x86_64-debian-clang, r-devel-linux-x86_64-debian-gcc, r-devel-linux-x86_64-fedora-clang, r-devel-linux-x86_64-fedora-gcc, r-devel-windows-ix86+x86_64, r-patched-linux-x86_64, r-patched-solaris-x86, r-release-linux-x86_64, r-release-windows-ix86+x86_64, r-release-osx-x86_64, r-oldrel-windows-ix86+x86_64, r-oldrel-osx-x86_64

Version: 1.1.1
Check: compiled code
Result: NOTE
    File ‘SynchWave/libs/SynchWave.so’:
     Found no calls to: ‘R_registerRoutines’, ‘R_useDynamicSymbols’
    
    It is good practice to register native routines and to disable symbol
    search.
    
    See ‘Writing portable packages’ in the ‘Writing R Extensions’ manual.
Flavors: r-devel-linux-x86_64-debian-clang, r-devel-linux-x86_64-debian-gcc, r-devel-linux-x86_64-fedora-clang, r-devel-linux-x86_64-fedora-gcc, r-patched-linux-x86_64, r-release-linux-x86_64