CRAN Package Check Results for Package TDA

Last updated on 2017-09-26 01:47:55.

Flavor Version Tinstall Tcheck Ttotal Status Flags
r-devel-linux-x86_64-debian-clang 1.5.1 102.12 51.83 153.94 OK
r-devel-linux-x86_64-debian-gcc 1.5.1 79.17 50.95 130.12 OK
r-devel-linux-x86_64-fedora-clang 1.5.1 249.24 NOTE
r-devel-linux-x86_64-fedora-gcc 1.5.1 246.82 NOTE
r-devel-windows-ix86+x86_64 1.5.1 91.00 4.00 95.00 ERROR
r-patched-linux-x86_64 1.5.1 77.30 51.72 129.02 OK
r-patched-solaris-x86 1.5.1 247.20 NOTE
r-release-linux-x86_64 1.5.1 76.26 51.12 127.38 OK
r-release-windows-ix86+x86_64 1.5.1 94.00 4.00 98.00 ERROR
r-release-osx-x86_64 1.5.1 NOTE
r-oldrel-windows-ix86+x86_64 1.5.1 94.00 5.00 99.00 ERROR
r-oldrel-osx-x86_64 1.5.1 NOTE

Additional issues

clang-UBSAN

Check Details

Version: 1.5.1
Check: installed package size
Result: NOTE
     installed size is 36.7Mb
     sub-directories of 1Mb or more:
     libs 35.5Mb
Flavors: r-devel-linux-x86_64-fedora-clang, r-devel-linux-x86_64-fedora-gcc, r-release-osx-x86_64, r-oldrel-osx-x86_64

Version: 1.5.1
Check: dependencies in R code
Result: NOTE
    Namespace in Imports field not imported from: ‘scales’
     All declared Imports should be used.
Flavors: r-devel-linux-x86_64-fedora-clang, r-devel-linux-x86_64-fedora-gcc, r-patched-solaris-x86, r-release-osx-x86_64, r-oldrel-osx-x86_64

Version: 1.5.1
Check: whether package can be installed
Result: ERROR
    Installation failed.
Flavors: r-devel-windows-ix86+x86_64, r-release-windows-ix86+x86_64, r-oldrel-windows-ix86+x86_64

Version: 1.5.1
Check: re-building of vignette outputs
Result: NOTE
    Error in re-building vignettes:
     ...
    Error in texi2dvi(file = file, pdf = TRUE, clean = clean, quiet = quiet, :
     Running 'texi2dvi' on 'article.tex' failed.
    LaTeX errors:
    ! LaTeX Error: File `subfigure.sty' not found.
    
    Type X to quit or <RETURN> to proceed,
    or enter new name. (Default extension: sty)
    
    ! Emergency stop.
    <read *>
    
    l.13 \usepackage
     {dsfont,bm,color,multirow}^^M
    ! ==> Fatal error occurred, no output PDF file produced!
    Calls: buildVignettes -> texi2pdf -> texi2dvi
    Execution halted
Flavor: r-release-osx-x86_64