CRAN Package Check Results for Package TR8

Last updated on 2017-09-26 01:47:56.

Flavor Version Tinstall Tcheck Ttotal Status Flags
r-devel-linux-x86_64-debian-clang 0.9.18 3.91 58.59 62.50 OK
r-devel-linux-x86_64-debian-gcc 0.9.18 4.08 56.49 60.56 OK
r-devel-linux-x86_64-fedora-clang 0.9.18 105.34 OK
r-devel-linux-x86_64-fedora-gcc 0.9.18 106.48 OK
r-devel-windows-ix86+x86_64 0.9.18 12.00 89.00 101.00 OK
r-patched-linux-x86_64 0.9.18 3.89 57.59 61.48 OK
r-patched-solaris-x86 0.9.18 128.20 OK
r-release-linux-x86_64 0.9.18 4.20 57.08 61.28 OK
r-release-windows-ix86+x86_64 0.9.18 11.00 101.00 112.00 OK
r-release-osx-x86_64 0.9.18 NOTE
r-oldrel-windows-ix86+x86_64 0.9.18 11.00 94.00 105.00 OK
r-oldrel-osx-x86_64 0.9.18 OK

Check Details

Version: 0.9.18
Check: re-building of vignette outputs
Result: NOTE
    Error in re-building vignettes:
     ...
    Error in texi2dvi(file = file, pdf = TRUE, clean = clean, quiet = quiet, :
     Running 'texi2dvi' on 'Expanding_TR8.tex' failed.
    LaTeX errors:
    ! LaTeX Error: File `enumitem.sty' not found.
    
    Type X to quit or <RETURN> to proceed,
    or enter new name. (Default extension: sty)
    
    ! Emergency stop.
    <read *>
    
    l.10 \usepackage
     {graphicx}^^M
    ! ==> Fatal error occurred, no output PDF file produced!
    Calls: buildVignettes -> texi2pdf -> texi2dvi
    Execution halted
Flavor: r-release-osx-x86_64