CRAN Package Check Results for Package WVPlots

Last updated on 2017-09-26 01:47:58.

Flavor Version Tinstall Tcheck Ttotal Status Flags
r-devel-linux-x86_64-debian-clang 0.2.6 2.84 62.88 65.72 OK
r-devel-linux-x86_64-debian-gcc 0.2.6 2.96 60.08 63.04 OK
r-devel-linux-x86_64-fedora-clang 0.2.6 126.14 NOTE
r-devel-linux-x86_64-fedora-gcc 0.2.6 126.10 NOTE
r-devel-windows-ix86+x86_64 0.2.6 8.00 100.00 108.00 OK
r-patched-linux-x86_64 0.2.6 2.80 63.29 66.09 OK
r-patched-solaris-x86 0.2.6 141.70 NOTE
r-release-linux-x86_64 0.2.6 2.96 62.40 65.36 OK
r-release-windows-ix86+x86_64 0.2.6 8.00 116.00 124.00 OK
r-release-osx-x86_64 0.2.6 NOTE
r-oldrel-windows-ix86+x86_64 0.2.6 8.00 102.00 110.00 OK
r-oldrel-osx-x86_64 0.2.6 NOTE

Check Details

Version: 0.2.6
Check: dependencies in R code
Result: NOTE
    Namespace in Imports field not imported from: ‘mgcv’
     All declared Imports should be used.
Flavors: r-devel-linux-x86_64-fedora-clang, r-devel-linux-x86_64-fedora-gcc, r-patched-solaris-x86, r-release-osx-x86_64, r-oldrel-osx-x86_64