CRAN Package Check Results for Package baseballDBR

Last updated on 2017-09-26 01:47:09.

Flavor Version Tinstall Tcheck Ttotal Status Flags
r-devel-linux-x86_64-debian-clang 0.1.2 1.62 34.70 36.31 OK
r-devel-linux-x86_64-debian-gcc 0.1.2 1.60 34.59 36.19 OK
r-devel-linux-x86_64-fedora-clang 0.1.2 58.87 OK
r-devel-linux-x86_64-fedora-gcc 0.1.2 56.70 OK
r-devel-windows-ix86+x86_64 0.1.2 6.00 79.00 85.00 OK
r-patched-linux-x86_64 0.1.2 1.61 34.17 35.77 OK
r-patched-solaris-x86 0.1.2 72.70 OK
r-release-linux-x86_64 0.1.2 1.66 36.14 37.80 OK
r-release-windows-ix86+x86_64 0.1.2 5.00 82.00 87.00 OK
r-release-osx-x86_64 0.1.2 OK
r-oldrel-windows-ix86+x86_64 0.1.2 8.00 80.00 88.00 OK
r-oldrel-osx-x86_64 0.1.2 ERROR

Check Details

Version: 0.1.2
Check: whether package can be installed
Result: ERROR
    Installation failed.
Flavor: r-oldrel-osx-x86_64