Last updated on 2017-09-26 01:47:09.
Flavor | Version | Tinstall | Tcheck | Ttotal | Status | Flags |
---|---|---|---|---|---|---|
r-devel-linux-x86_64-debian-clang | 1.0.19 | 1.56 | 107.04 | 108.60 | OK | |
r-devel-linux-x86_64-debian-gcc | 1.0.19 | 1.53 | 105.38 | 106.91 | OK | |
r-devel-linux-x86_64-fedora-clang | 1.0.19 | 218.51 | OK | |||
r-devel-linux-x86_64-fedora-gcc | 1.0.19 | 210.70 | OK | |||
r-devel-windows-ix86+x86_64 | 1.0.19 | 9.00 | 177.00 | 186.00 | OK | |
r-patched-linux-x86_64 | 1.0.19 | 1.46 | 107.15 | 108.60 | OK | |
r-patched-solaris-x86 | 1.0.19 | 237.10 | OK | |||
r-release-linux-x86_64 | 1.0.19 | 1.39 | 107.67 | 109.06 | OK | |
r-release-windows-ix86+x86_64 | 1.0.19 | 6.00 | 172.00 | 178.00 | OK | |
r-release-osx-x86_64 | 1.0.19 | WARN | ||||
r-oldrel-windows-ix86+x86_64 | 1.0.19 | 10.00 | 160.00 | 170.00 | OK | |
r-oldrel-osx-x86_64 | 1.0.19 | OK |
Version: 1.0.19
Check: re-building of vignette outputs
Result: WARN
Error in re-building vignettes:
...
NaNs produced
Warning in dbinom(x = c(0, 2, 1, 3, 4, 5, 0, 0, 0, 0, 1, 0, 0, 0, 0), prob = c(2.24718525433143, :
NaNs produced
Warning in dbinom(x = c(0, 2, 1, 3, 4, 5, 0, 0, 0, 0, 1, 0, 0, 0, 0), prob = c(0.219940849413555, :
NaNs produced
Warning in dbinom(x = c(0, 2, 1, 3, 4, 5, 0, 0, 0, 0, 1, 0, 0, 0, 0), prob = c(2.76406402172104, :
NaNs produced
Warning in dbinom(x = c(0, 2, 1, 3, 4, 5, 0, 0, 0, 0, 1, 0, 0, 0, 0), prob = c(0.191138285903703, :
NaNs produced
Warning in dbinom(x = c(0, 2, 1, 3, 4, 5, 0, 0, 0, 0, 1, 0, 0, 0, 0), prob = c(2.76406402172104, :
NaNs produced
Warning in dbinom(x = c(0, 2, 1, 3, 4, 5, 0, 0, 0, 0, 1, 0, 0, 0, 0), prob = c(0.191138285903703, :
NaNs produced
Error in texi2dvi(file = file, pdf = TRUE, clean = clean, quiet = quiet, :
Running 'texi2dvi' on 'mle2.tex' failed.
BibTeX errors:
The top-level auxiliary file: mle2.aux
I couldn't open style file chicago.bst
---line 19 of file mle2.aux
: \bibstyle{chicago
: }
I'm skipping whatever remains of this command
I found no style file---while reading file mle2.aux
Calls: buildVignettes -> texi2pdf -> texi2dvi
Execution halted
Flavor: r-release-osx-x86_64