CRAN Package Check Results for Package beepr

Last updated on 2017-09-26 01:47:10.

Flavor Version Tinstall Tcheck Ttotal Status Flags
r-devel-linux-x86_64-debian-clang 1.2 0.66 11.60 12.26 NOTE
r-devel-linux-x86_64-debian-gcc 1.2 0.68 10.83 11.51 NOTE
r-devel-linux-x86_64-fedora-clang 1.2 22.53 NOTE
r-devel-linux-x86_64-fedora-gcc 1.2 19.55 NOTE
r-devel-windows-ix86+x86_64 1.2 4.00 27.00 31.00 NOTE
r-patched-linux-x86_64 1.2 0.76 11.06 11.82 NOTE
r-patched-solaris-x86 1.2 31.90 NOTE
r-release-linux-x86_64 1.2 0.66 10.85 11.51 NOTE
r-release-windows-ix86+x86_64 1.2 2.00 42.00 44.00 NOTE
r-release-osx-x86_64 1.2 NOTE
r-oldrel-windows-ix86+x86_64 1.2 4.00 25.00 29.00 NOTE
r-oldrel-osx-x86_64 1.2 NOTE

Check Details

Version: 1.2
Check: R code for possible problems
Result: NOTE
    beep: no visible global function definition for ‘download.file’
    Undefined global functions or variables:
     download.file
    Consider adding
     importFrom("utils", "download.file")
    to your NAMESPACE file.
Flavors: r-devel-linux-x86_64-debian-clang, r-devel-linux-x86_64-debian-gcc, r-devel-linux-x86_64-fedora-clang, r-devel-linux-x86_64-fedora-gcc, r-devel-windows-ix86+x86_64, r-patched-linux-x86_64, r-patched-solaris-x86, r-release-linux-x86_64, r-release-windows-ix86+x86_64, r-release-osx-x86_64, r-oldrel-windows-ix86+x86_64, r-oldrel-osx-x86_64