Last updated on 2017-09-26 01:47:10.
Flavor | Version | Tinstall | Tcheck | Ttotal | Status | Flags |
---|---|---|---|---|---|---|
r-devel-linux-x86_64-debian-clang | 2.2.1 | 0.77 | 12.82 | 13.59 | NOTE | |
r-devel-linux-x86_64-debian-gcc | 2.2.1 | 0.75 | 13.20 | 13.95 | NOTE | |
r-devel-linux-x86_64-fedora-clang | 2.2.1 | 23.59 | NOTE | |||
r-devel-linux-x86_64-fedora-gcc | 2.2.1 | 24.64 | NOTE | |||
r-devel-windows-ix86+x86_64 | 2.2.1 | 3.00 | 27.00 | 30.00 | NOTE | |
r-patched-linux-x86_64 | 2.2.1 | 0.74 | 12.61 | 13.35 | NOTE | |
r-patched-solaris-x86 | 2.2.1 | 32.60 | NOTE | |||
r-release-linux-x86_64 | 2.2.1 | 0.82 | 12.97 | 13.79 | NOTE | |
r-release-windows-ix86+x86_64 | 2.2.1 | 3.00 | 28.00 | 31.00 | NOTE | |
r-release-osx-x86_64 | 2.2.1 | NOTE | ||||
r-oldrel-windows-ix86+x86_64 | 2.2.1 | 3.00 | 30.00 | 33.00 | NOTE | |
r-oldrel-osx-x86_64 | 2.2.1 | NOTE |
Version: 2.2.1
Check: DESCRIPTION meta-information
Result: NOTE
Checking should be performed on sources prepared by ‘R CMD build’.
Flavors: r-devel-linux-x86_64-debian-clang, r-devel-linux-x86_64-debian-gcc, r-devel-linux-x86_64-fedora-clang, r-devel-linux-x86_64-fedora-gcc, r-devel-windows-ix86+x86_64, r-patched-linux-x86_64, r-patched-solaris-x86, r-release-linux-x86_64, r-release-windows-ix86+x86_64, r-release-osx-x86_64, r-oldrel-windows-ix86+x86_64, r-oldrel-osx-x86_64