CRAN Package Check Results for Package bindata

Last updated on 2017-09-26 01:47:10.

Flavor Version Tinstall Tcheck Ttotal Status Flags
r-devel-linux-x86_64-debian-clang 0.9-19 0.68 15.48 16.16 NOTE
r-devel-linux-x86_64-debian-gcc 0.9-19 0.66 15.54 16.19 NOTE
r-devel-linux-x86_64-fedora-clang 0.9-19 27.06 NOTE
r-devel-linux-x86_64-fedora-gcc 0.9-19 26.16 NOTE
r-devel-windows-ix86+x86_64 0.9-19 3.00 30.00 33.00 NOTE
r-patched-linux-x86_64 0.9-19 0.73 16.05 16.78 NOTE
r-patched-solaris-x86 0.9-19 34.90 NOTE
r-release-linux-x86_64 0.9-19 0.72 15.43 16.15 NOTE
r-release-windows-ix86+x86_64 0.9-19 3.00 30.00 33.00 NOTE
r-release-osx-x86_64 0.9-19 NOTE
r-oldrel-windows-ix86+x86_64 0.9-19 3.00 29.00 32.00 NOTE
r-oldrel-osx-x86_64 0.9-19 NOTE

Check Details

Version: 0.9-19
Check: R code for possible problems
Result: NOTE
    commonprob2sigma: no visible global function definition for ‘approxfun’
    rmvbin: no visible global function definition for ‘qnorm’
    simul.commonprob: no visible global function definition for ‘qnorm’
    Undefined global functions or variables:
     approxfun qnorm
    Consider adding
     importFrom("stats", "approxfun", "qnorm")
    to your NAMESPACE file.
Flavors: r-devel-linux-x86_64-debian-clang, r-devel-linux-x86_64-debian-gcc, r-devel-linux-x86_64-fedora-clang, r-devel-linux-x86_64-fedora-gcc, r-devel-windows-ix86+x86_64, r-patched-linux-x86_64, r-patched-solaris-x86, r-release-linux-x86_64, r-release-windows-ix86+x86_64, r-release-osx-x86_64, r-oldrel-windows-ix86+x86_64, r-oldrel-osx-x86_64