Last updated on 2017-09-26 01:47:10.
Flavor | Version | Tinstall | Tcheck | Ttotal | Status | Flags |
---|---|---|---|---|---|---|
r-devel-linux-x86_64-debian-clang | 1.0.4 | 1.74 | 27.50 | 29.25 | OK | |
r-devel-linux-x86_64-debian-gcc | 1.0.4 | 1.68 | 27.26 | 28.93 | OK | |
r-devel-linux-x86_64-fedora-clang | 1.0.4 | 54.45 | NOTE | |||
r-devel-linux-x86_64-fedora-gcc | 1.0.4 | 51.89 | NOTE | |||
r-devel-windows-ix86+x86_64 | 1.0.4 | 7.00 | 50.00 | 57.00 | OK | |
r-patched-linux-x86_64 | 1.0.4 | 1.63 | 26.69 | 28.32 | OK | |
r-patched-solaris-x86 | 1.0.4 | 62.50 | NOTE | |||
r-release-linux-x86_64 | 1.0.4 | 1.62 | 28.80 | 30.43 | OK | |
r-release-windows-ix86+x86_64 | 1.0.4 | 4.00 | 52.00 | 56.00 | OK | |
r-release-osx-x86_64 | 1.0.4 | NOTE | ||||
r-oldrel-windows-ix86+x86_64 | 1.0.4 | 6.00 | 49.00 | 55.00 | OK | |
r-oldrel-osx-x86_64 | 1.0.4 | NOTE |
Version: 1.0.4
Check: package dependencies
Result: NOTE
Package suggested but not available for checking: ‘RQuantLib’
Flavors: r-devel-linux-x86_64-fedora-clang, r-devel-linux-x86_64-fedora-gcc, r-patched-solaris-x86, r-release-osx-x86_64, r-oldrel-osx-x86_64