CRAN Package Check Results for Package bold

Last updated on 2017-09-26 01:47:11.

Flavor Version Tinstall Tcheck Ttotal Status Flags
r-devel-linux-x86_64-debian-clang 0.5.0 1.05 21.12 22.17 OK
r-devel-linux-x86_64-debian-gcc 0.5.0 1.16 20.74 21.90 OK
r-devel-linux-x86_64-fedora-clang 0.5.0 40.23 OK
r-devel-linux-x86_64-fedora-gcc 0.5.0 41.81 OK
r-devel-windows-ix86+x86_64 0.5.0 5.00 45.00 50.00 OK
r-patched-linux-x86_64 0.5.0 1.10 20.80 21.90 OK
r-patched-solaris-x86 0.5.0 62.20 OK
r-release-linux-x86_64 0.5.0 1.10 20.96 22.06 OK
r-release-windows-ix86+x86_64 0.5.0 4.00 44.00 48.00 OK
r-release-osx-x86_64 0.5.0 NOTE
r-oldrel-windows-ix86+x86_64 0.5.0 4.00 41.00 45.00 OK
r-oldrel-osx-x86_64 0.5.0 OK

Check Details

Version: 0.5.0
Check: package dependencies
Result: NOTE
    Package suggested but not available for checking: ‘sangerseqR’
Flavor: r-release-osx-x86_64