CRAN Package Check Results for Package breakfast

Last updated on 2017-09-26 01:47:11.

Flavor Version Tinstall Tcheck Ttotal Status Flags
r-devel-linux-x86_64-debian-clang 0.1.0 0.59 11.77 12.37 OK
r-devel-linux-x86_64-debian-gcc 0.1.0 0.59 11.42 12.01 OK
r-devel-linux-x86_64-fedora-clang 0.1.0 20.12 OK
r-devel-linux-x86_64-fedora-gcc 0.1.0 19.09 OK
r-devel-windows-ix86+x86_64 0.1.0 4.00 24.00 28.00 OK
r-patched-linux-x86_64 0.1.0 0.60 11.55 12.16 OK
r-patched-solaris-x86 0.1.0 27.40 OK
r-release-linux-x86_64 0.1.0 0.56 11.54 12.10 OK
r-release-windows-ix86+x86_64 0.1.0 2.00 42.00 44.00 OK
r-release-osx-x86_64 0.1.0 OK
r-oldrel-osx-x86_64 0.1.0 ERROR

Check Details

Version: 0.1.0
Check: whether package can be installed
Result: ERROR
    Installation failed.
Flavor: r-oldrel-osx-x86_64