CRAN Package Check Results for Package broom

Last updated on 2017-09-26 01:47:11.

Flavor Version Tinstall Tcheck Ttotal Status Flags
r-devel-linux-x86_64-debian-clang 0.4.2 2.42 76.08 78.51 ERROR
r-devel-linux-x86_64-debian-gcc 0.4.2 2.63 74.54 77.17 ERROR
r-devel-linux-x86_64-fedora-clang 0.4.2 146.17 ERROR
r-devel-linux-x86_64-fedora-gcc 0.4.2 145.98 ERROR
r-devel-windows-ix86+x86_64 0.4.2 9.00 120.00 129.00 ERROR
r-patched-linux-x86_64 0.4.2 2.67 75.61 78.27 ERROR
r-patched-solaris-x86 0.4.2 167.70 ERROR
r-release-linux-x86_64 0.4.2 2.61 73.49 76.10 ERROR
r-release-windows-ix86+x86_64 0.4.2 8.00 125.00 133.00 ERROR
r-release-osx-x86_64 0.4.2 ERROR
r-oldrel-windows-ix86+x86_64 0.4.2 8.00 109.00 117.00 ERROR
r-oldrel-osx-x86_64 0.4.2 OK

Check Details

Version: 0.4.2
Check: examples
Result: ERROR
    Running examples in ‘broom-Ex.R’ failed
    The error most likely occurred in:
    
    > base::assign(".ptime", proc.time(), pos = "CheckExEnv")
    > ### Name: gmm_tidiers
    > ### Title: Tidying methods for generalized method of moments "gmm" objects
    > ### Aliases: glance.gmm gmm_tidiers tidy.gmm
    >
    > ### ** Examples
    >
    >
    > if (require("gmm", quietly = TRUE)) {
    + # examples come from the "gmm" package
    + ## CAPM test with GMM
    + data(Finance)
    + r <- Finance[1:300, 1:10]
    + rm <- Finance[1:300, "rm"]
    + rf <- Finance[1:300, "rf"]
    +
    + z <- as.matrix(r-rf)
    + t <- nrow(z)
    + zm <- rm-rf
    + h <- matrix(zm, t, 1)
    + res <- gmm(z ~ zm, x = h)
    +
    + # tidy result
    + tidy(res)
    + tidy(res, conf.int = TRUE)
    + tidy(res, conf.int = TRUE, conf.level = .99)
    +
    + # coefficient plot
    + library(ggplot2)
    + library(dplyr)
    + tidy(res, conf.int = TRUE) %>%
    + mutate(variable = reorder(variable, estimate)) %>%
    + ggplot(aes(estimate, variable)) +
    + geom_point() +
    + geom_errorbarh(aes(xmin = conf.low, xmax = conf.high)) +
    + facet_wrap(~ term) +
    + geom_vline(xintercept = 0, color = "red", lty = 2)
    +
    + # from a function instead of a matrix
    + g <- function(theta, x) {
    + e <- x[,2:11] - theta[1] - (x[,1] - theta[1]) %*% matrix(theta[2:11], 1, 10)
    + gmat <- cbind(e, e*c(x[,1]))
    + return(gmat) }
    +
    + x <- as.matrix(cbind(rm, r))
    + res_black <- gmm(g, x = x, t0 = rep(0, 11))
    +
    + tidy(res_black)
    + tidy(res_black, conf.int = TRUE)
    +
    + ## APT test with Fama-French factors and GMM
    +
    + f1 <- zm
    + f2 <- Finance[1:300, "hml"] - rf
    + f3 <- Finance[1:300, "smb"] - rf
    + h <- cbind(f1, f2, f3)
    + res2 <- gmm(z ~ f1 + f2 + f3, x = h)
    +
    + td2 <- tidy(res2, conf.int = TRUE)
    + td2
    +
    + # coefficient plot
    + td2 %>%
    + mutate(variable = reorder(variable, estimate)) %>%
    + ggplot(aes(estimate, variable)) +
    + geom_point() +
    + geom_errorbarh(aes(xmin = conf.low, xmax = conf.high)) +
    + facet_wrap(~ term) +
    + geom_vline(xintercept = 0, color = "red", lty = 2)
    + }
    Error in `colnames<-`(`*tmp*`, value = c("conf.low", "conf.high")) :
     attempt to set 'colnames' on an object with less than two dimensions
    Calls: tidy -> tidy.gmm -> process_lm -> colnames<-
    Execution halted
Flavors: r-devel-linux-x86_64-debian-clang, r-devel-linux-x86_64-debian-gcc, r-patched-linux-x86_64, r-release-linux-x86_64

Version: 0.4.2
Check: tests
Result: ERROR
     Running ‘test-all.R’ [5s/5s]
    Running the tests in ‘tests/test-all.R’ failed.
    Complete output:
     > library(testthat)
     > test_check("broom")
     Loading required package: broom
     Error in lahman_df() : could not find function "lahman_df"
     Calls: test_check ... with_reporter -> force -> source_file -> eval -> eval -> tbl
     testthat results ================================================================
     OK: 621 SKIPPED: 0 FAILED: 0
     Execution halted
Flavors: r-devel-linux-x86_64-debian-clang, r-patched-linux-x86_64, r-release-linux-x86_64

Version: 0.4.2
Check: tests
Result: ERROR
     Running ‘test-all.R’ [6s/6s]
    Running the tests in ‘tests/test-all.R’ failed.
    Complete output:
     > library(testthat)
     > test_check("broom")
     Loading required package: broom
     Error in lahman_df() : could not find function "lahman_df"
     Calls: test_check ... with_reporter -> force -> source_file -> eval -> eval -> tbl
     testthat results ================================================================
     OK: 621 SKIPPED: 0 FAILED: 0
     Execution halted
Flavor: r-devel-linux-x86_64-debian-gcc

Version: 0.4.2
Check: examples
Result: ERROR
    Running examples in ‘broom-Ex.R’ failed
    The error most likely occurred in:
    
    > ### Name: gmm_tidiers
    > ### Title: Tidying methods for generalized method of moments "gmm" objects
    > ### Aliases: glance.gmm gmm_tidiers tidy.gmm
    >
    > ### ** Examples
    >
    >
    > if (require("gmm", quietly = TRUE)) {
    + # examples come from the "gmm" package
    + ## CAPM test with GMM
    + data(Finance)
    + r <- Finance[1:300, 1:10]
    + rm <- Finance[1:300, "rm"]
    + rf <- Finance[1:300, "rf"]
    +
    + z <- as.matrix(r-rf)
    + t <- nrow(z)
    + zm <- rm-rf
    + h <- matrix(zm, t, 1)
    + res <- gmm(z ~ zm, x = h)
    +
    + # tidy result
    + tidy(res)
    + tidy(res, conf.int = TRUE)
    + tidy(res, conf.int = TRUE, conf.level = .99)
    +
    + # coefficient plot
    + library(ggplot2)
    + library(dplyr)
    + tidy(res, conf.int = TRUE) %>%
    + mutate(variable = reorder(variable, estimate)) %>%
    + ggplot(aes(estimate, variable)) +
    + geom_point() +
    + geom_errorbarh(aes(xmin = conf.low, xmax = conf.high)) +
    + facet_wrap(~ term) +
    + geom_vline(xintercept = 0, color = "red", lty = 2)
    +
    + # from a function instead of a matrix
    + g <- function(theta, x) {
    + e <- x[,2:11] - theta[1] - (x[,1] - theta[1]) %*% matrix(theta[2:11], 1, 10)
    + gmat <- cbind(e, e*c(x[,1]))
    + return(gmat) }
    +
    + x <- as.matrix(cbind(rm, r))
    + res_black <- gmm(g, x = x, t0 = rep(0, 11))
    +
    + tidy(res_black)
    + tidy(res_black, conf.int = TRUE)
    +
    + ## APT test with Fama-French factors and GMM
    +
    + f1 <- zm
    + f2 <- Finance[1:300, "hml"] - rf
    + f3 <- Finance[1:300, "smb"] - rf
    + h <- cbind(f1, f2, f3)
    + res2 <- gmm(z ~ f1 + f2 + f3, x = h)
    +
    + td2 <- tidy(res2, conf.int = TRUE)
    + td2
    +
    + # coefficient plot
    + td2 %>%
    + mutate(variable = reorder(variable, estimate)) %>%
    + ggplot(aes(estimate, variable)) +
    + geom_point() +
    + geom_errorbarh(aes(xmin = conf.low, xmax = conf.high)) +
    + facet_wrap(~ term) +
    + geom_vline(xintercept = 0, color = "red", lty = 2)
    + }
    Error in `colnames<-`(`*tmp*`, value = c("conf.low", "conf.high")) :
     attempt to set 'colnames' on an object with less than two dimensions
    Calls: tidy -> tidy.gmm -> process_lm -> colnames<-
    Execution halted
Flavors: r-devel-linux-x86_64-fedora-clang, r-devel-linux-x86_64-fedora-gcc, r-devel-windows-ix86+x86_64, r-patched-solaris-x86, r-release-windows-ix86+x86_64, r-oldrel-windows-ix86+x86_64

Version: 0.4.2
Check: tests
Result: ERROR
     Running ‘test-all.R’ [11s/12s]
    Running the tests in ‘tests/test-all.R’ failed.
    Complete output:
     > library(testthat)
     > test_check("broom")
     Loading required package: broom
     Error in lahman_df() : could not find function "lahman_df"
     Calls: test_check ... with_reporter -> force -> source_file -> eval -> eval -> tbl
     testthat results ================================================================
     OK: 621 SKIPPED: 0 FAILED: 0
     Execution halted
Flavors: r-devel-linux-x86_64-fedora-clang, r-devel-linux-x86_64-fedora-gcc

Version: 0.4.2
Check: tests
Result: ERROR
     Running 'test-all.R' [8s]
    Running the tests in 'tests/test-all.R' failed.
    Complete output:
     > library(testthat)
     > test_check("broom")
     Loading required package: broom
     Error in lahman_df() : could not find function "lahman_df"
     Calls: test_check ... with_reporter -> force -> source_file -> eval -> eval -> tbl
     testthat results ================================================================
     OK: 621 SKIPPED: 0 FAILED: 0
     Execution halted
Flavors: r-devel-windows-ix86+x86_64, r-release-windows-ix86+x86_64

Version: 0.4.2
Check: package dependencies
Result: NOTE
    Packages suggested but not available for checking: ‘xergm’ ‘btergm’
Flavor: r-patched-solaris-x86

Version: 0.4.2
Check: Rd cross-references
Result: NOTE
    Package unavailable to check Rd xrefs: ‘btergm’
Flavor: r-patched-solaris-x86

Version: 0.4.2
Check: tests
Result: ERROR
     Running ‘test-all.R’ [12s/14s]
    Running the tests in ‘tests/test-all.R’ failed.
    Complete output:
     > library(testthat)
     > test_check("broom")
     Loading required package: broom
     Error in lahman_df() : could not find function "lahman_df"
     Calls: test_check ... with_reporter -> force -> source_file -> eval -> eval -> tbl
     testthat results ================================================================
     OK: 621 SKIPPED: 0 FAILED: 0
     Execution halted
Flavor: r-patched-solaris-x86

Version: 0.4.2
Check: package dependencies
Result: NOTE
    Packages suggested but not available for checking: ‘rstanarm’ ‘brms’
Flavor: r-release-osx-x86_64

Version: 0.4.2
Check: Rd cross-references
Result: NOTE
    Packages unavailable to check Rd xrefs: ‘brms’, ‘rstanarm’
Flavor: r-release-osx-x86_64

Version: 0.4.2
Check: tests
Result: ERROR
     Running ‘test-all.R’ [15s/19s]
    Running the tests in ‘tests/test-all.R’ failed.
    Complete output:
     > library(testthat)
     > test_check("broom")
     Loading required package: broom
     Loading required namespace: gam
     Error in library(rstanarm) : there is no package called 'rstanarm'
     Calls: test_check ... suppressPackageStartupMessages -> withCallingHandlers -> library
     testthat results ================================================================
     OK: 451 SKIPPED: 0 FAILED: 0
     Execution halted
Flavor: r-release-osx-x86_64

Version: 0.4.2
Check: tests
Result: ERROR
     Running 'test-all.R' [5s]
    Running the tests in 'tests/test-all.R' failed.
    Complete output:
     > library(testthat)
     > test_check("broom")
     Loading required package: broom
     Error in tbl(lahman_df(), "Batting") :
     could not find function "lahman_df"
     Calls: test_check ... with_reporter -> force -> source_file -> eval -> eval -> tbl
     testthat results ================================================================
     OK: 621 SKIPPED: 0 FAILED: 0
     Execution halted
Flavor: r-oldrel-windows-ix86+x86_64