Last updated on 2017-09-26 01:47:11.
Flavor | Version | Tinstall | Tcheck | Ttotal | Status | Flags |
---|---|---|---|---|---|---|
r-devel-linux-x86_64-debian-clang | 1.0 | 22.77 | 25.23 | 48.00 | OK | |
r-devel-linux-x86_64-debian-gcc | 1.0 | 15.82 | 24.95 | 40.77 | OK | |
r-devel-linux-x86_64-fedora-clang | 1.0 | 79.28 | OK | |||
r-devel-linux-x86_64-fedora-gcc | 1.0 | 71.81 | NOTE | |||
r-devel-windows-ix86+x86_64 | 1.0 | 65.00 | 50.00 | 115.00 | OK | |
r-patched-linux-x86_64 | 1.0 | 14.17 | 24.44 | 38.61 | OK | |
r-patched-solaris-x86 | 1.0 | 91.60 | WARN | |||
r-release-linux-x86_64 | 1.0 | 14.34 | 24.93 | 39.27 | OK | |
r-release-windows-ix86+x86_64 | 1.0 | 50.00 | 49.00 | 99.00 | OK | |
r-release-osx-x86_64 | 1.0 | OK | ||||
r-oldrel-windows-ix86+x86_64 | 1.0 | 69.00 | 44.00 | 113.00 | OK | |
r-oldrel-osx-x86_64 | 1.0 | OK |
Version: 1.0
Check: installed package size
Result: NOTE
installed size is 5.7Mb
sub-directories of 1Mb or more:
bin 2.2Mb
doc 1.2Mb
libs 2.2Mb
Flavor: r-devel-linux-x86_64-fedora-gcc
Version: 1.0
Check: package dependencies
Result: NOTE
Package suggested but not available for checking: ‘microbenchmark’
Flavor: r-patched-solaris-x86
Version: 1.0
Check: re-building of vignette outputs
Result: WARN
Error in re-building vignettes:
...
Warning in engine$weave(file, quiet = quiet, encoding = enc) :
Pandoc (>= 1.12.3) and/or pandoc-citeproc not available. Falling back to R Markdown v1.
Quitting from lines 67-80 (benchmarks.Rmd)
Error: processing vignette 'benchmarks.Rmd' failed with diagnostics:
there is no package called 'microbenchmark'
Execution halted
Flavor: r-patched-solaris-x86