CRAN Package Check Results for Package cancerGI

Last updated on 2017-09-26 01:47:11.

Flavor Version Tinstall Tcheck Ttotal Status Flags
r-devel-linux-x86_64-debian-clang 1.0.0 5.31 53.77 59.08 OK
r-devel-linux-x86_64-debian-gcc 1.0.0 4.44 56.00 60.43 OK
r-devel-linux-x86_64-fedora-clang 1.0.0 122.68 OK
r-devel-linux-x86_64-fedora-gcc 1.0.0 118.47 OK
r-devel-windows-ix86+x86_64 1.0.0 11.00 84.00 95.00 OK
r-patched-linux-x86_64 1.0.0 4.18 55.21 59.39 OK
r-patched-solaris-x86 1.0.0 169.00 OK
r-release-linux-x86_64 1.0.0 4.35 52.99 57.34 OK
r-release-windows-ix86+x86_64 1.0.0 12.00 87.00 99.00 OK
r-release-osx-x86_64 1.0.0 ERROR
r-oldrel-windows-ix86+x86_64 1.0.0 12.00 95.00 107.00 OK
r-oldrel-osx-x86_64 1.0.0 OK

Check Details

Version: 1.0.0
Check: package dependencies
Result: ERROR
    Package required but not available: ‘qvalue’
    
    See section ‘The DESCRIPTION file’ in the ‘Writing R Extensions’
    manual.
Flavor: r-release-osx-x86_64