Last updated on 2017-09-26 01:47:12.
Flavor | Version | Tinstall | Tcheck | Ttotal | Status | Flags |
---|---|---|---|---|---|---|
r-devel-linux-x86_64-debian-clang | 0.3 | 2.79 | 53.44 | 56.23 | OK | |
r-devel-linux-x86_64-debian-gcc | 0.3 | 2.80 | 52.16 | 54.96 | OK | |
r-devel-linux-x86_64-fedora-clang | 0.3 | 117.31 | OK | |||
r-devel-linux-x86_64-fedora-gcc | 0.3 | 125.18 | OK | |||
r-devel-windows-ix86+x86_64 | 0.3 | 7.00 | 97.00 | 104.00 | OK | |
r-patched-linux-x86_64 | 0.3 | 2.76 | 52.67 | 55.44 | OK | |
r-patched-solaris-x86 | 0.3 | 158.50 | OK | |||
r-release-linux-x86_64 | 0.3 | 2.70 | 52.44 | 55.15 | OK | |
r-release-windows-ix86+x86_64 | 0.3 | 7.00 | 91.00 | 98.00 | OK | |
r-release-osx-x86_64 | 0.3 | WARN | ||||
r-oldrel-windows-ix86+x86_64 | 0.3 | 9.00 | 99.00 | 108.00 | OK | |
r-oldrel-osx-x86_64 | 0.3 | OK |
Version: 0.3
Check: re-building of vignette outputs
Result: WARN
Error in re-building vignettes:
...
Warning: running command 'kpsewhich framed.sty' had status 1
Warning in test_latex_pkg("framed", system.file("misc", "framed.sty", package = "knitr")) :
unable to find LaTeX package 'framed'; will use a copy from knitr
Error in texi2dvi(file = file, pdf = TRUE, clean = clean, quiet = quiet, :
Running 'texi2dvi' on 'Using_causaldrf.tex' failed.
LaTeX errors:
! LaTeX Error: File `fullpage.sty' not found.
Type X to quit or <RETURN> to proceed,
or enter new name. (Default extension: sty)
! Emergency stop.
<read *>
l.53 \usepackage
{natbib}^^M
! ==> Fatal error occurred, no output PDF file produced!
Calls: buildVignettes -> texi2pdf -> texi2dvi
Execution halted
Flavor: r-release-osx-x86_64