CRAN Package Check Results for Package cda

Last updated on 2017-09-26 01:47:12.

Flavor Version Tinstall Tcheck Ttotal Status Flags
r-devel-linux-x86_64-debian-clang 2.0.0 104.44 18.50 122.94 NOTE
r-devel-linux-x86_64-debian-gcc 2.0.0 91.14 18.10 109.25 NOTE
r-devel-linux-x86_64-fedora-clang 2.0.0 212.22 NOTE
r-devel-linux-x86_64-fedora-gcc 2.0.0 210.32 NOTE
r-devel-windows-ix86+x86_64 2.0.0 234.00 51.00 285.00 OK
r-patched-linux-x86_64 2.0.0 90.32 18.26 108.58 NOTE
r-patched-solaris-x86 2.0.0 177.60 OK
r-release-linux-x86_64 2.0.0 88.74 18.97 107.71 NOTE
r-release-windows-ix86+x86_64 2.0.0 242.00 56.00 298.00 OK
r-release-osx-x86_64 2.0.0 OK
r-oldrel-windows-ix86+x86_64 2.0.0 307.00 56.00 363.00 OK
r-oldrel-osx-x86_64 2.0.0 NOTE

Check Details

Version: 2.0.0
Check: compiled code
Result: NOTE
    File ‘cda/libs/cda.so’:
     Found no calls to: ‘R_registerRoutines’, ‘R_useDynamicSymbols’
    
    It is good practice to register native routines and to disable symbol
    search.
    
    See ‘Writing portable packages’ in the ‘Writing R Extensions’ manual.
Flavors: r-devel-linux-x86_64-debian-clang, r-devel-linux-x86_64-debian-gcc, r-devel-linux-x86_64-fedora-clang, r-devel-linux-x86_64-fedora-gcc, r-patched-linux-x86_64, r-release-linux-x86_64

Version: 2.0.0
Check: installed package size
Result: NOTE
     installed size is 5.2Mb
     sub-directories of 1Mb or more:
     libs 4.9Mb
Flavors: r-devel-linux-x86_64-fedora-clang, r-devel-linux-x86_64-fedora-gcc, r-oldrel-osx-x86_64