Last updated on 2017-09-26 01:47:12.
Flavor | Version | Tinstall | Tcheck | Ttotal | Status | Flags |
---|---|---|---|---|---|---|
r-devel-linux-x86_64-debian-clang | 0.1.0 | 4.09 | 56.81 | 60.91 | OK | |
r-devel-linux-x86_64-debian-gcc | 0.1.0 | 3.94 | 55.20 | 59.14 | OK | |
r-devel-linux-x86_64-fedora-clang | 0.1.0 | 131.92 | NOTE | |||
r-devel-linux-x86_64-fedora-gcc | 0.1.0 | 130.74 | NOTE | |||
r-devel-windows-ix86+x86_64 | 0.1.0 | 9.00 | 93.00 | 102.00 | OK | |
r-patched-linux-x86_64 | 0.1.0 | 4.17 | 57.29 | 61.46 | OK | |
r-patched-solaris-x86 | 0.1.0 | 180.30 | NOTE | |||
r-release-linux-x86_64 | 0.1.0 | 4.31 | 57.09 | 61.39 | OK | |
r-release-windows-ix86+x86_64 | 0.1.0 | 13.00 | 95.00 | 108.00 | OK | |
r-release-osx-x86_64 | 0.1.0 | NOTE | ||||
r-oldrel-windows-ix86+x86_64 | 0.1.0 | 13.00 | 99.00 | 112.00 | OK | |
r-oldrel-osx-x86_64 | 0.1.0 | NOTE |
Version: 0.1.0
Check: dependencies in R code
Result: NOTE
Namespace in Imports field not imported from: ‘methods’
All declared Imports should be used.
Flavors: r-devel-linux-x86_64-fedora-clang, r-devel-linux-x86_64-fedora-gcc, r-patched-solaris-x86, r-release-osx-x86_64, r-oldrel-osx-x86_64