Last updated on 2017-09-26 01:47:13.
Flavor | Version | Tinstall | Tcheck | Ttotal | Status | Flags |
---|---|---|---|---|---|---|
r-devel-linux-x86_64-debian-clang | 1.0.5 | 25.69 | 19.08 | 44.77 | NOTE | |
r-devel-linux-x86_64-debian-gcc | 1.0.5 | 20.26 | 19.02 | 39.28 | NOTE | |
r-devel-linux-x86_64-fedora-clang | 1.0.5 | 77.03 | NOTE | |||
r-devel-linux-x86_64-fedora-gcc | 1.0.5 | 73.76 | NOTE | |||
r-devel-windows-ix86+x86_64 | 1.0.5 | 84.00 | 61.00 | 145.00 | OK | |
r-patched-linux-x86_64 | 1.0.5 | 19.93 | 19.17 | 39.10 | NOTE | |
r-patched-solaris-x86 | 1.0.5 | 80.80 | OK | |||
r-release-linux-x86_64 | 1.0.5 | 20.14 | 19.42 | 39.56 | NOTE | |
r-release-windows-ix86+x86_64 | 1.0.5 | 61.00 | 66.00 | 127.00 | OK | |
r-release-osx-x86_64 | 1.0.5 | OK | ||||
r-oldrel-windows-ix86+x86_64 | 1.0.5 | 84.00 | 61.00 | 145.00 | OK | |
r-oldrel-osx-x86_64 | 1.0.5 | OK |
Version: 1.0.5
Check: compiled code
Result: NOTE
File ‘contoureR/libs/contoureR.so’:
Found no calls to: ‘R_registerRoutines’, ‘R_useDynamicSymbols’
It is good practice to register native routines and to disable symbol
search.
See ‘Writing portable packages’ in the ‘Writing R Extensions’ manual.
Flavors: r-devel-linux-x86_64-debian-clang, r-devel-linux-x86_64-debian-gcc, r-devel-linux-x86_64-fedora-clang, r-devel-linux-x86_64-fedora-gcc, r-patched-linux-x86_64, r-release-linux-x86_64