CRAN Package Check Results for Package covatest

Last updated on 2017-09-26 01:47:14.

Flavor Version Tinstall Tcheck Ttotal Status Flags
r-devel-linux-x86_64-debian-clang 0.2.1 1.83 35.34 37.17 OK
r-devel-linux-x86_64-debian-gcc 0.2.1 1.74 33.31 35.05 OK
r-devel-linux-x86_64-fedora-clang 0.2.1 64.94 NOTE
r-devel-linux-x86_64-fedora-gcc 0.2.1 65.12 NOTE
r-devel-windows-ix86+x86_64 0.2.1 5.00 59.00 64.00 OK
r-patched-linux-x86_64 0.2.1 1.85 34.44 36.28 OK
r-patched-solaris-x86 0.2.1 81.10 NOTE
r-release-linux-x86_64 0.2.1 1.86 34.31 36.17 OK
r-release-windows-ix86+x86_64 0.2.1 5.00 64.00 69.00 OK
r-release-osx-x86_64 0.2.1 NOTE
r-oldrel-windows-ix86+x86_64 0.2.1 9.00 64.00 73.00 OK
r-oldrel-osx-x86_64 0.2.1 NOTE

Check Details

Version: 0.2.1
Check: dependencies in R code
Result: NOTE
    Namespace in Imports field not imported from: ‘gstat’
     All declared Imports should be used.
Flavors: r-devel-linux-x86_64-fedora-clang, r-devel-linux-x86_64-fedora-gcc, r-patched-solaris-x86, r-release-osx-x86_64, r-oldrel-osx-x86_64