CRAN Package Check Results for Package cowplot

Last updated on 2017-09-26 01:47:14.

Flavor Version Tinstall Tcheck Ttotal Status Flags
r-devel-linux-x86_64-debian-clang 0.8.0 1.64 80.03 81.67 OK
r-devel-linux-x86_64-debian-gcc 0.8.0 1.52 78.85 80.37 OK
r-devel-linux-x86_64-fedora-clang 0.8.0 149.75 OK
r-devel-linux-x86_64-fedora-gcc 0.8.0 153.74 OK
r-devel-windows-ix86+x86_64 0.8.0 7.00 127.00 134.00 OK
r-patched-linux-x86_64 0.8.0 1.62 82.58 84.20 OK
r-patched-solaris-x86 0.8.0 173.70 OK
r-release-linux-x86_64 0.8.0 1.55 79.76 81.31 OK
r-release-windows-ix86+x86_64 0.8.0 5.00 138.00 143.00 OK
r-release-osx-x86_64 0.8.0 NOTE
r-oldrel-windows-ix86+x86_64 0.8.0 6.00 134.00 140.00 OK
r-oldrel-osx-x86_64 0.8.0 OK

Check Details

Version: 0.8.0
Check: package dependencies
Result: NOTE
    Package suggested but not available for checking: ‘gridGraphics’
Flavor: r-release-osx-x86_64