Last updated on 2017-09-26 01:47:14.
Flavor | Version | Tinstall | Tcheck | Ttotal | Status | Flags |
---|---|---|---|---|---|---|
r-devel-linux-x86_64-debian-clang | 0.1.2 | 0.57 | 11.08 | 11.65 | NOTE | |
r-devel-linux-x86_64-debian-gcc | 0.1.2 | 0.55 | 10.73 | 11.28 | NOTE | |
r-devel-linux-x86_64-fedora-clang | 0.1.2 | 18.75 | NOTE | |||
r-devel-linux-x86_64-fedora-gcc | 0.1.2 | 17.71 | NOTE | |||
r-devel-windows-ix86+x86_64 | 0.1.2 | 3.00 | 25.00 | 28.00 | NOTE | |
r-patched-linux-x86_64 | 0.1.2 | 0.58 | 10.82 | 11.40 | NOTE | |
r-patched-solaris-x86 | 0.1.2 | 26.20 | NOTE | |||
r-release-linux-x86_64 | 0.1.2 | 0.59 | 10.82 | 11.41 | NOTE | |
r-release-windows-ix86+x86_64 | 0.1.2 | 2.00 | 39.00 | 41.00 | NOTE | |
r-release-osx-x86_64 | 0.1.2 | NOTE | ||||
r-oldrel-windows-ix86+x86_64 | 0.1.2 | 4.00 | 24.00 | 28.00 | NOTE | |
r-oldrel-osx-x86_64 | 0.1.2 | NOTE |
Version: 0.1.2
Check: DESCRIPTION meta-information
Result: NOTE
Malformed Description field: should contain one or more complete sentences.
Flavors: r-devel-linux-x86_64-debian-clang, r-devel-linux-x86_64-debian-gcc, r-devel-linux-x86_64-fedora-clang, r-devel-linux-x86_64-fedora-gcc, r-devel-windows-ix86+x86_64, r-patched-linux-x86_64, r-patched-solaris-x86, r-release-linux-x86_64, r-release-windows-ix86+x86_64, r-release-osx-x86_64, r-oldrel-windows-ix86+x86_64, r-oldrel-osx-x86_64