Last updated on 2017-09-26 01:47:14.
Flavor | Version | Tinstall | Tcheck | Ttotal | Status | Flags |
---|---|---|---|---|---|---|
r-devel-linux-x86_64-debian-clang | 0.0.4 | 1.01 | 61.78 | 62.79 | NOTE | |
r-devel-linux-x86_64-debian-gcc | 0.0.4 | 1.00 | 56.51 | 57.51 | NOTE | |
r-devel-linux-x86_64-fedora-clang | 0.0.4 | 115.01 | NOTE | |||
r-devel-linux-x86_64-fedora-gcc | 0.0.4 | 108.58 | NOTE | |||
r-devel-windows-ix86+x86_64 | 0.0.4 | 3.00 | 98.00 | 101.00 | NOTE | |
r-patched-linux-x86_64 | 0.0.4 | 1.13 | 56.79 | 57.92 | NOTE | |
r-patched-solaris-x86 | 0.0.4 | 152.10 | NOTE | |||
r-release-linux-x86_64 | 0.0.4 | 1.04 | 56.75 | 57.80 | NOTE | |
r-release-windows-ix86+x86_64 | 0.0.4 | 4.00 | 95.00 | 99.00 | NOTE | |
r-release-osx-x86_64 | 0.0.4 | NOTE | ||||
r-oldrel-windows-ix86+x86_64 | 0.0.4 | 3.00 | 101.00 | 104.00 | OK | |
r-oldrel-osx-x86_64 | 0.0.4 | OK |
Version: 0.0.4
Check: DESCRIPTION meta-information
Result: NOTE
BugReports field is not a suitable URL but contains an email address
which will be used as from R 3.4.0
Flavors: r-devel-linux-x86_64-debian-clang, r-devel-linux-x86_64-debian-gcc, r-devel-linux-x86_64-fedora-clang, r-devel-linux-x86_64-fedora-gcc, r-devel-windows-ix86+x86_64, r-patched-linux-x86_64, r-patched-solaris-x86, r-release-linux-x86_64, r-release-windows-ix86+x86_64, r-release-osx-x86_64