CRAN Package Check Results for Package cshapes

Last updated on 2017-09-26 01:47:14.

Flavor Version Tinstall Tcheck Ttotal Status Flags
r-devel-linux-x86_64-debian-clang 0.6 1.93 22.90 24.84 OK
r-devel-linux-x86_64-debian-gcc 0.6 1.78 22.52 24.30 OK
r-devel-linux-x86_64-fedora-clang 0.6 43.31 NOTE
r-devel-linux-x86_64-fedora-gcc 0.6 43.25 NOTE
r-devel-windows-ix86+x86_64 0.6 10.00 55.00 65.00 NOTE
r-patched-linux-x86_64 0.6 1.85 22.12 23.97 OK
r-patched-solaris-x86 0.6 61.10 NOTE
r-release-linux-x86_64 0.6 1.84 23.02 24.86 OK
r-release-windows-ix86+x86_64 0.6 9.00 52.00 61.00 NOTE
r-release-osx-x86_64 0.6 NOTE
r-oldrel-windows-ix86+x86_64 0.6 9.00 52.00 61.00 NOTE
r-oldrel-osx-x86_64 0.6 NOTE

Check Details

Version: 0.6
Check: installed package size
Result: NOTE
     installed size is 7.9Mb
     sub-directories of 1Mb or more:
     shp 7.8Mb
Flavors: r-devel-linux-x86_64-fedora-clang, r-devel-linux-x86_64-fedora-gcc, r-devel-windows-ix86+x86_64, r-patched-solaris-x86, r-release-windows-ix86+x86_64, r-release-osx-x86_64, r-oldrel-windows-ix86+x86_64, r-oldrel-osx-x86_64