Last updated on 2017-09-26 01:47:14.
Flavor | Version | Tinstall | Tcheck | Ttotal | Status | Flags |
---|---|---|---|---|---|---|
r-devel-linux-x86_64-debian-clang | 1.3-11 | 23.92 | 108.23 | 132.15 | OK | |
r-devel-linux-x86_64-debian-gcc | 1.3-11 | 19.83 | 104.63 | 124.47 | OK | |
r-devel-linux-x86_64-fedora-clang | 1.3-11 | 241.99 | OK | |||
r-devel-linux-x86_64-fedora-gcc | 1.3-11 | 240.51 | OK | |||
r-devel-windows-ix86+x86_64 | 1.3-11 | 67.00 | 213.00 | 280.00 | NOTE | |
r-patched-linux-x86_64 | 1.3-11 | 22.58 | 109.62 | 132.20 | OK | |
r-patched-solaris-x86 | 1.3-11 | 251.50 | OK | |||
r-release-linux-x86_64 | 1.3-11 | 19.33 | 106.76 | 126.09 | OK | |
r-release-windows-ix86+x86_64 | 1.3-11 | 53.00 | 408.00 | 461.00 | NOTE | |
r-release-osx-x86_64 | 1.3-11 | OK | ||||
r-oldrel-windows-ix86+x86_64 | 1.3-11 | 67.00 | 244.00 | 311.00 | NOTE | |
r-oldrel-osx-x86_64 | 1.3-11 | OK |
Version: 1.3-11
Check: installed package size
Result: NOTE
installed size is 5.4Mb
sub-directories of 1Mb or more:
libs 4.5Mb
Flavors: r-devel-windows-ix86+x86_64, r-release-windows-ix86+x86_64, r-oldrel-windows-ix86+x86_64