CRAN Package Check Results for Package d3heatmap

Last updated on 2017-09-26 01:47:14.

Flavor Version Tinstall Tcheck Ttotal Status Flags
r-devel-linux-x86_64-debian-clang 0.6.1.1 0.97 25.60 26.57 OK
r-devel-linux-x86_64-debian-gcc 0.6.1.1 0.96 24.46 25.42 OK
r-devel-linux-x86_64-fedora-clang 0.6.1.1 49.56 OK
r-devel-linux-x86_64-fedora-gcc 0.6.1.1 49.08 OK
r-devel-windows-ix86+x86_64 0.6.1.1 5.00 54.00 59.00 OK
r-patched-linux-x86_64 0.6.1.1 1.02 25.09 26.11 OK
r-patched-solaris-x86 0.6.1.1 60.20 WARN
r-release-linux-x86_64 0.6.1.1 1.14 25.52 26.66 OK
r-release-windows-ix86+x86_64 0.6.1.1 4.00 72.00 76.00 OK
r-release-osx-x86_64 0.6.1.1 WARN
r-oldrel-windows-ix86+x86_64 0.6.1.1 5.00 45.00 50.00 OK
r-oldrel-osx-x86_64 0.6.1.1 OK

Additional issues

noLD

Check Details

Version: 0.6.1.1
Check: re-building of vignette outputs
Result: WARN
    Error in re-building vignettes:
     ...
    Warning in engine$weave(file, quiet = quiet, encoding = enc) :
     Pandoc (>= 1.12.3) and/or pandoc-citeproc not available. Falling back to R Markdown v1.
    Quitting from lines 27-38 (Introduction.Rmd)
    Error: processing vignette 'Introduction.Rmd' failed with diagnostics:
    cannot open the connection
    Execution halted
Flavors: r-patched-solaris-x86, r-release-osx-x86_64