CRAN Package Check Results for Package data.tree

Last updated on 2017-09-26 01:47:15.

Flavor Version Tinstall Tcheck Ttotal Status Flags
r-devel-linux-x86_64-debian-clang 0.7.3 2.93 67.08 70.01 OK
r-devel-linux-x86_64-debian-gcc 0.7.3 2.84 66.55 69.39 OK
r-devel-linux-x86_64-fedora-clang 0.7.3 134.19 OK
r-devel-linux-x86_64-fedora-gcc 0.7.3 136.16 OK
r-devel-windows-ix86+x86_64 0.7.3 11.00 122.00 133.00 OK
r-patched-linux-x86_64 0.7.3 2.88 65.45 68.33 OK
r-patched-solaris-x86 0.7.3 176.00 WARN
r-release-linux-x86_64 0.7.3 2.98 67.03 70.01 OK
r-release-windows-ix86+x86_64 0.7.3 10.00 123.00 133.00 OK
r-release-osx-x86_64 0.7.3 WARN
r-oldrel-windows-ix86+x86_64 0.7.3 10.00 118.00 128.00 OK
r-oldrel-osx-x86_64 0.7.3 WARN

Check Details

Version: 0.7.3
Check: re-building of vignette outputs
Result: WARN
    Error in re-building vignettes:
     ...
    Warning in engine$weave(file, quiet = quiet, encoding = enc) :
     Pandoc (>= 1.12.3) and/or pandoc-citeproc not available. Falling back to R Markdown v1.
    Warning in engine$weave(file, quiet = quiet, encoding = enc) :
     Pandoc (>= 1.12.3) and/or pandoc-citeproc not available. Falling back to R Markdown v1.
    PhantomJS not found. You can install it with webshot::install_phantomjs(). If it is installed, please make sure the phantomjs executable can be found via the PATH variable.
    Warning in normalizePath(f2) :
     path[1]="./webshot59209b35a45.png": No such file or directory
    Warning in file(con, "rb") :
     cannot open file './webshot59209b35a45.png': No such file or directory
    Quitting from lines 512-515 (data.tree.Rmd)
    Error: processing vignette 'data.tree.Rmd' failed with diagnostics:
    cannot open the connection
    Execution halted
Flavor: r-patched-solaris-x86

Version: 0.7.3
Check: re-building of vignette outputs
Result: WARN
    Error in re-building vignettes:
     ...
    Warning in engine$weave(file, quiet = quiet, encoding = enc) :
     Pandoc (>= 1.12.3) and/or pandoc-citeproc not available. Falling back to R Markdown v1.
    Warning in engine$weave(file, quiet = quiet, encoding = enc) :
     Pandoc (>= 1.12.3) and/or pandoc-citeproc not available. Falling back to R Markdown v1.
    PhantomJS not found. You can install it with webshot::install_phantomjs(). If it is installed, please make sure the phantomjs executable can be found via the PATH variable.
    Warning in normalizePath(f2) :
     path[1]="./webshot1173c67505bfd.png": No such file or directory
    Warning in file(con, "rb") :
     cannot open file './webshot1173c67505bfd.png': No such file or directory
    Quitting from lines 512-515 (data.tree.Rmd)
    Error: processing vignette 'data.tree.Rmd' failed with diagnostics:
    cannot open the connection
    Execution halted
Flavor: r-release-osx-x86_64

Version: 0.7.3
Check: re-building of vignette outputs
Result: WARN
    Error in re-building vignettes:
     ...
    Warning in engine$weave(file, quiet = quiet, encoding = enc) :
     Pandoc (>= 1.12.3) and/or pandoc-citeproc not available. Falling back to R Markdown v1.
    Warning in engine$weave(file, quiet = quiet, encoding = enc) :
     Pandoc (>= 1.12.3) and/or pandoc-citeproc not available. Falling back to R Markdown v1.
    PhantomJS not found. You can install it with webshot::install_phantomjs(). If it is installed, please make sure the phantomjs executable can be found via the PATH variable.
    Warning in normalizePath(f2) :
     path[1]="./webshot13df49df9a30.png": No such file or directory
    Warning in file(con, "rb") :
     cannot open file './webshot13df49df9a30.png': No such file or directory
    Quitting from lines 512-515 (data.tree.Rmd)
    Error: processing vignette 'data.tree.Rmd' failed with diagnostics:
    cannot open the connection
    Execution halted
Flavor: r-oldrel-osx-x86_64