Last updated on 2017-09-26 01:47:14.
Flavor | Version | Tinstall | Tcheck | Ttotal | Status | Flags |
---|---|---|---|---|---|---|
r-devel-linux-x86_64-debian-clang | 2.7.1 | 2.00 | 59.58 | 61.58 | OK | |
r-devel-linux-x86_64-debian-gcc | 2.7.1 | 2.02 | 57.31 | 59.32 | OK | |
r-devel-linux-x86_64-fedora-clang | 2.7.1 | 119.25 | NOTE | |||
r-devel-linux-x86_64-fedora-gcc | 2.7.1 | 59.13 | NOTE | |||
r-devel-windows-ix86+x86_64 | 2.7.1 | 9.00 | 98.00 | 107.00 | OK | |
r-patched-linux-x86_64 | 2.7.1 | 2.08 | 59.39 | 61.48 | OK | |
r-patched-solaris-x86 | 2.7.1 | 109.60 | NOTE | |||
r-release-linux-x86_64 | 2.7.1 | 2.11 | 58.49 | 60.60 | OK | |
r-release-windows-ix86+x86_64 | 2.7.1 | 7.00 | 105.00 | 112.00 | OK | |
r-release-osx-x86_64 | 2.7.1 | NOTE | ||||
r-oldrel-windows-ix86+x86_64 | 2.7.1 | 9.00 | 113.00 | 122.00 | OK | |
r-oldrel-osx-x86_64 | 2.7.1 | NOTE |
Version: 2.7.1
Check: dependencies in R code
Result: NOTE
Namespace in Imports field not imported from: ‘curl’
All declared Imports should be used.
Flavors: r-devel-linux-x86_64-fedora-clang, r-devel-linux-x86_64-fedora-gcc, r-patched-solaris-x86, r-release-osx-x86_64, r-oldrel-osx-x86_64