Last updated on 2017-09-26 01:47:15.
Flavor | Version | Tinstall | Tcheck | Ttotal | Status | Flags |
---|---|---|---|---|---|---|
r-devel-linux-x86_64-debian-clang | 1.2.0 | 1.04 | 19.95 | 20.99 | OK | |
r-devel-linux-x86_64-debian-gcc | 1.2.0 | 1.16 | 19.37 | 20.53 | OK | |
r-devel-linux-x86_64-fedora-clang | 1.2.0 | 36.31 | OK | |||
r-devel-linux-x86_64-fedora-gcc | 1.2.0 | 36.22 | OK | |||
r-devel-windows-ix86+x86_64 | 1.2.0 | 4.00 | 37.00 | 41.00 | OK | |
r-patched-linux-x86_64 | 1.2.0 | 1.01 | 19.53 | 20.54 | OK | |
r-patched-solaris-x86 | 1.2.0 | 57.90 | OK | |||
r-release-linux-x86_64 | 1.2.0 | 0.96 | 20.00 | 20.96 | OK | |
r-release-windows-ix86+x86_64 | 1.2.0 | 4.00 | 45.00 | 49.00 | OK | |
r-release-osx-x86_64 | 1.2.0 | ERROR | ||||
r-oldrel-windows-ix86+x86_64 | 1.2.0 | 5.00 | 47.00 | 52.00 | OK | |
r-oldrel-osx-x86_64 | 1.2.0 | ERROR |
Version: 1.2.0
Check: package dependencies
Result: ERROR
Package required but not available: ‘RedeR’
See section ‘The DESCRIPTION file’ in the ‘Writing R Extensions’
manual.
Flavor: r-release-osx-x86_64
Version: 1.2.0
Check: whether package can be installed
Result: ERROR
Installation failed.
Flavor: r-oldrel-osx-x86_64