CRAN Package Check Results for Package diffrprojects

Last updated on 2017-09-26 01:47:16.

Flavor Version Tinstall Tcheck Ttotal Status Flags
r-devel-linux-x86_64-debian-clang 0.1.14 19.13 53.52 72.65 NOTE
r-devel-linux-x86_64-debian-gcc 0.1.14 14.31 52.47 66.78 NOTE
r-devel-linux-x86_64-fedora-clang 0.1.14 136.44 NOTE
r-devel-linux-x86_64-fedora-gcc 0.1.14 123.50 NOTE
r-devel-windows-ix86+x86_64 0.1.14 45.00 148.00 193.00 OK
r-patched-linux-x86_64 0.1.14 13.98 52.89 66.87 NOTE
r-patched-solaris-x86 0.1.14 228.80 OK
r-release-linux-x86_64 0.1.14 14.06 51.84 65.90 NOTE
r-release-windows-ix86+x86_64 0.1.14 47.00 150.00 197.00 OK
r-release-osx-x86_64 0.1.14 OK
r-oldrel-windows-ix86+x86_64 0.1.14 49.00 148.00 197.00 OK
r-oldrel-osx-x86_64 0.1.14 OK

Check Details

Version: 0.1.14
Check: compiled code
Result: NOTE
    File ‘diffrprojects/libs/diffrprojects.so’:
     Found no calls to: ‘R_registerRoutines’, ‘R_useDynamicSymbols’
    
    It is good practice to register native routines and to disable symbol
    search.
    
    See ‘Writing portable packages’ in the ‘Writing R Extensions’ manual.
Flavors: r-devel-linux-x86_64-debian-clang, r-devel-linux-x86_64-debian-gcc, r-devel-linux-x86_64-fedora-clang, r-devel-linux-x86_64-fedora-gcc, r-patched-linux-x86_64, r-release-linux-x86_64