CRAN Package Check Results for Package diffusr

Last updated on 2017-09-26 01:47:16.

Flavor Version Tinstall Tcheck Ttotal Status Flags
r-devel-linux-x86_64-debian-clang 0.1.1 55.98 22.90 78.88 OK
r-devel-linux-x86_64-debian-gcc 0.1.1 42.37 20.60 62.98 OK
r-devel-linux-x86_64-fedora-clang 0.1.1 128.80 NOTE
r-devel-linux-x86_64-fedora-gcc 0.1.1 119.75 NOTE
r-devel-windows-ix86+x86_64 0.1.1 109.00 61.00 170.00 OK
r-patched-linux-x86_64 0.1.1 41.46 20.83 62.29 OK
r-patched-solaris-x86 0.1.1 115.50 NOTE
r-release-linux-x86_64 0.1.1 41.66 21.10 62.76 OK
r-release-windows-ix86+x86_64 0.1.1 115.00 66.00 181.00 OK
r-release-osx-x86_64 0.1.1 NOTE
r-oldrel-windows-ix86+x86_64 0.1.1 130.00 59.00 189.00 OK
r-oldrel-osx-x86_64 0.1.1 NOTE

Additional issues

clang-ASAN

Check Details

Version: 0.1.1
Check: installed package size
Result: NOTE
     installed size is 11.3Mb
     sub-directories of 1Mb or more:
     libs 10.4Mb
Flavors: r-devel-linux-x86_64-fedora-clang, r-devel-linux-x86_64-fedora-gcc, r-release-osx-x86_64, r-oldrel-osx-x86_64

Version: 0.1.1
Check: dependencies in R code
Result: NOTE
    Namespace in Imports field not imported from: ‘methods’
     All declared Imports should be used.
Flavors: r-devel-linux-x86_64-fedora-clang, r-devel-linux-x86_64-fedora-gcc, r-patched-solaris-x86, r-release-osx-x86_64, r-oldrel-osx-x86_64