CRAN Package Check Results for Package dplR

Last updated on 2017-09-26 01:47:16.

Flavor Version Tinstall Tcheck Ttotal Status Flags
r-devel-linux-x86_64-debian-clang 1.6.6 6.22 157.54 163.75 OK
r-devel-linux-x86_64-debian-gcc 1.6.6 5.90 152.65 158.55 OK
r-devel-linux-x86_64-fedora-clang 1.6.6 318.78 OK
r-devel-linux-x86_64-fedora-gcc 1.6.6 307.91 OK
r-devel-windows-ix86+x86_64 1.6.6 23.00 341.00 364.00 OK
r-patched-linux-x86_64 1.6.6 6.30 153.43 159.73 OK
r-patched-solaris-x86 1.6.6 385.40 OK
r-release-linux-x86_64 1.6.6 6.30 151.74 158.05 OK
r-release-windows-ix86+x86_64 1.6.6 24.00 331.00 355.00 OK
r-release-osx-x86_64 1.6.6 NOTE
r-oldrel-windows-ix86+x86_64 1.6.6 31.00 315.00 346.00 OK
r-oldrel-osx-x86_64 1.6.6 OK

Check Details

Version: 1.6.6
Check: package dependencies
Result: NOTE
    Package suggested but not available for checking: ‘gmp’
Flavor: r-release-osx-x86_64

Version: 1.6.6
Check: Rd cross-references
Result: NOTE
    Package unavailable to check Rd xrefs: ‘gmp’
Flavor: r-release-osx-x86_64