Last updated on 2017-09-26 01:47:17.
Flavor | Version | Tinstall | Tcheck | Ttotal | Status | Flags |
---|---|---|---|---|---|---|
r-devel-linux-x86_64-debian-clang | 1.2.5 | 4.77 | 15.66 | 20.43 | NOTE | |
r-devel-linux-x86_64-debian-gcc | 1.2.5 | 3.48 | 15.25 | 18.73 | NOTE | |
r-devel-linux-x86_64-fedora-clang | 1.2.5 | 33.99 | NOTE | |||
r-devel-linux-x86_64-fedora-gcc | 1.2.5 | 31.50 | NOTE | |||
r-devel-windows-ix86+x86_64 | 1.2.5 | 11.00 | 40.00 | 51.00 | OK | |
r-patched-linux-x86_64 | 1.2.5 | 3.14 | 15.61 | 18.74 | NOTE | |
r-patched-solaris-x86 | 1.2.5 | 50.90 | OK | |||
r-release-linux-x86_64 | 1.2.5 | 3.08 | 15.97 | 19.05 | NOTE | |
r-release-windows-ix86+x86_64 | 1.2.5 | 10.00 | 43.00 | 53.00 | OK | |
r-release-osx-x86_64 | 1.2.5 | OK | ||||
r-oldrel-windows-ix86+x86_64 | 1.2.5 | 10.00 | 38.00 | 48.00 | OK | |
r-oldrel-osx-x86_64 | 1.2.5 | OK |
Version: 1.2.5
Check: compiled code
Result: NOTE
File ‘ebdbNet/libs/ebdbNet.so’:
Found no calls to: ‘R_registerRoutines’, ‘R_useDynamicSymbols’
It is good practice to register native routines and to disable symbol
search.
See ‘Writing portable packages’ in the ‘Writing R Extensions’ manual.
Flavors: r-devel-linux-x86_64-debian-clang, r-devel-linux-x86_64-debian-gcc, r-devel-linux-x86_64-fedora-clang, r-devel-linux-x86_64-fedora-gcc, r-patched-linux-x86_64, r-release-linux-x86_64