CRAN Package Check Results for Package ecolottery

Last updated on 2017-09-26 01:47:17.

Flavor Version Tinstall Tcheck Ttotal Status Flags
r-devel-linux-x86_64-debian-clang 1.0.0 3.11 162.08 165.19 OK
r-devel-linux-x86_64-debian-gcc 1.0.0 3.10 145.34 148.44 OK
r-devel-linux-x86_64-fedora-clang 1.0.0 319.30 OK
r-devel-linux-x86_64-fedora-gcc 1.0.0 304.81 OK
r-devel-windows-ix86+x86_64 1.0.0 9.00 269.00 278.00 OK
r-patched-linux-x86_64 1.0.0 3.24 160.33 163.57 OK
r-patched-solaris-x86 1.0.0 536.40 OK
r-release-linux-x86_64 1.0.0 3.12 157.89 161.00 OK
r-release-windows-ix86+x86_64 1.0.0 10.00 258.00 268.00 OK
r-release-osx-x86_64 1.0.0 NOTE
r-oldrel-windows-ix86+x86_64 1.0.0 12.00 307.00 319.00 OK
r-oldrel-osx-x86_64 1.0.0 OK

Check Details

Version: 1.0.0
Check: package dependencies
Result: NOTE
    Package suggested but not available for checking: ‘untb’
Flavor: r-release-osx-x86_64