Last updated on 2017-09-26 01:47:17.
Flavor | Version | Tinstall | Tcheck | Ttotal | Status | Flags |
---|---|---|---|---|---|---|
r-devel-linux-x86_64-debian-clang | 1.3.9 | 1.61 | 27.85 | 29.46 | OK | |
r-devel-linux-x86_64-debian-gcc | 1.3.9 | 1.58 | 27.15 | 28.73 | OK | |
r-devel-linux-x86_64-fedora-clang | 1.3.9 | 46.44 | OK | |||
r-devel-linux-x86_64-fedora-gcc | 1.3.9 | 45.61 | OK | |||
r-devel-windows-ix86+x86_64 | 1.3.9 | 9.00 | 53.00 | 62.00 | OK | |
r-patched-linux-x86_64 | 1.3.9 | 1.61 | 27.55 | 29.16 | OK | |
r-patched-solaris-x86 | 1.3.9 | 62.50 | OK | |||
r-release-linux-x86_64 | 1.3.9 | 1.49 | 27.27 | 28.76 | OK | |
r-release-windows-ix86+x86_64 | 1.3.9 | 6.00 | 53.00 | 59.00 | OK | |
r-release-osx-x86_64 | 1.3.9 | OK | ||||
r-oldrel-windows-ix86+x86_64 | 1.3.9 | 8.00 | 46.00 | 54.00 | OK | |
r-oldrel-osx-x86_64 | 1.3.9 | NOTE |
Version: 1.3.9
Check: dependencies in R code
Result: NOTE
Invalid MIT-MAGIC-COOKIE-1 key
Flavor: r-oldrel-osx-x86_64