Last updated on 2017-09-26 01:47:18.
Flavor | Version | Tinstall | Tcheck | Ttotal | Status | Flags |
---|---|---|---|---|---|---|
r-devel-linux-x86_64-debian-clang | 1.4.0 | 3.02 | 30.88 | 33.90 | NOTE | |
r-devel-linux-x86_64-debian-gcc | 1.4.0 | 3.01 | 30.20 | 33.21 | NOTE | |
r-devel-linux-x86_64-fedora-clang | 1.4.0 | 61.06 | NOTE | |||
r-devel-linux-x86_64-fedora-gcc | 1.4.0 | 59.97 | NOTE | |||
r-devel-windows-ix86+x86_64 | 1.4.0 | 12.00 | 77.00 | 89.00 | OK | |
r-patched-linux-x86_64 | 1.4.0 | 3.20 | 30.81 | 34.00 | NOTE | |
r-patched-solaris-x86 | 1.4.0 | 82.60 | OK | |||
r-release-linux-x86_64 | 1.4.0 | 3.19 | 30.52 | 33.71 | NOTE | |
r-release-windows-ix86+x86_64 | 1.4.0 | 11.00 | 64.00 | 75.00 | OK | |
r-release-osx-x86_64 | 1.4.0 | OK | ||||
r-oldrel-windows-ix86+x86_64 | 1.4.0 | 11.00 | 70.00 | 81.00 | OK | |
r-oldrel-osx-x86_64 | 1.4.0 | OK |
Version: 1.4.0
Check: compiled code
Result: NOTE
File ‘etasFLP/libs/etasFLP.so’:
Found no calls to: ‘R_registerRoutines’, ‘R_useDynamicSymbols’
It is good practice to register native routines and to disable symbol
search.
See ‘Writing portable packages’ in the ‘Writing R Extensions’ manual.
Flavors: r-devel-linux-x86_64-debian-clang, r-devel-linux-x86_64-debian-gcc, r-devel-linux-x86_64-fedora-clang, r-devel-linux-x86_64-fedora-gcc, r-patched-linux-x86_64, r-release-linux-x86_64