CRAN Package Check Results for Package fuser

Last updated on 2017-09-26 01:47:20.

Flavor Version Tinstall Tcheck Ttotal Status Flags
r-devel-linux-x86_64-debian-clang 1.0.0 22.62 249.09 271.70 OK
r-devel-linux-x86_64-debian-gcc 1.0.0 18.23 209.75 227.98 OK
r-devel-linux-x86_64-fedora-clang 1.0.0 423.92 NOTE
r-devel-linux-x86_64-fedora-gcc 1.0.0 415.49 NOTE
r-devel-windows-ix86+x86_64 1.0.0 43.00 683.00 726.00 OK
r-patched-linux-x86_64 1.0.0 18.39 215.99 234.38 OK
r-patched-solaris-x86 1.0.0 1246.70 OK
r-release-linux-x86_64 1.0.0 18.27 210.41 228.68 OK
r-release-windows-ix86+x86_64 1.0.0 49.00 694.00 743.00 OK
r-release-osx-x86_64 1.0.0 OK
r-oldrel-windows-ix86+x86_64 1.0.0 60.00 666.00 726.00 OK
r-oldrel-osx-x86_64 1.0.0 OK

Check Details

Version: 1.0.0
Check: installed package size
Result: NOTE
     installed size is 5.0Mb
     sub-directories of 1Mb or more:
     libs 4.8Mb
Flavors: r-devel-linux-x86_64-fedora-clang, r-devel-linux-x86_64-fedora-gcc