Last updated on 2017-09-26 01:47:20.
Flavor | Version | Tinstall | Tcheck | Ttotal | Status | Flags |
---|---|---|---|---|---|---|
r-devel-linux-x86_64-debian-clang | 1.1.1 | 1.28 | 29.18 | 30.46 | OK | |
r-devel-linux-x86_64-debian-gcc | 1.1.1 | 1.22 | 28.73 | 29.95 | OK | |
r-devel-linux-x86_64-fedora-clang | 1.1.1 | 59.76 | OK | |||
r-devel-linux-x86_64-fedora-gcc | 1.1.1 | 58.89 | OK | |||
r-devel-windows-ix86+x86_64 | 1.1.1 | 5.00 | 58.00 | 63.00 | OK | |
r-patched-linux-x86_64 | 1.1.1 | 1.29 | 29.12 | 30.42 | OK | |
r-patched-solaris-x86 | 1.1.1 | 78.40 | OK | |||
r-release-linux-x86_64 | 1.1.1 | 1.30 | 29.07 | 30.37 | OK | |
r-release-windows-ix86+x86_64 | 1.1.1 | 4.00 | 56.00 | 60.00 | OK | |
r-release-osx-x86_64 | 1.1.1 | WARN | ||||
r-oldrel-windows-ix86+x86_64 | 1.1.1 | 5.00 | 61.00 | 66.00 | OK | |
r-oldrel-osx-x86_64 | 1.1.1 | OK |
Version: 1.1.1
Check: re-building of vignette outputs
Result: WARN
Error in re-building vignettes:
...
Error in texi2dvi(file = file, pdf = TRUE, clean = clean, quiet = quiet, :
Running 'texi2dvi' on 'gems.tex' failed.
LaTeX errors:
! LaTeX Error: File `pict2e.sty' not found.
Type X to quit or <RETURN> to proceed,
or enter new name. (Default extension: sty)
! Emergency stop.
<read *>
l.81 \usepackage
{tikz}^^M
! ==> Fatal error occurred, no output PDF file produced!
Calls: buildVignettes -> texi2pdf -> texi2dvi
Execution halted
Flavor: r-release-osx-x86_64