Last updated on 2017-09-26 01:47:20.
Flavor | Version | Tinstall | Tcheck | Ttotal | Status | Flags |
---|---|---|---|---|---|---|
r-devel-linux-x86_64-debian-clang | 0.6-5 | 3.46 | 48.99 | 52.45 | NOTE | |
r-devel-linux-x86_64-debian-gcc | 0.6-5 | 3.47 | 48.84 | 52.31 | NOTE | |
r-devel-linux-x86_64-fedora-clang | 0.6-5 | 120.87 | NOTE | |||
r-devel-linux-x86_64-fedora-gcc | 0.6-5 | 113.17 | NOTE | |||
r-devel-windows-ix86+x86_64 | 0.6-5 | 9.00 | 88.00 | 97.00 | NOTE | |
r-patched-linux-x86_64 | 0.6-5 | 3.59 | 50.32 | 53.91 | NOTE | |
r-patched-solaris-x86 | 0.6-5 | 141.80 | NOTE | |||
r-release-linux-x86_64 | 0.6-5 | 3.79 | 50.01 | 53.80 | NOTE | |
r-release-windows-ix86+x86_64 | 0.6-5 | 9.00 | 78.00 | 87.00 | NOTE | |
r-release-osx-x86_64 | 0.6-5 | NOTE | ||||
r-oldrel-windows-ix86+x86_64 | 0.6-5 | 10.00 | 81.00 | 91.00 | NOTE | |
r-oldrel-osx-x86_64 | 0.6-5 | NOTE |
Version: 0.6-5
Check: dependencies in R code
Result: NOTE
'library' or 'require' call to ‘rgl’ in package code.
Please use :: or requireNamespace() instead.
See section 'Suggested packages' in the 'Writing R Extensions' manual.
Flavors: r-devel-linux-x86_64-debian-clang, r-devel-linux-x86_64-debian-gcc, r-devel-linux-x86_64-fedora-clang, r-devel-linux-x86_64-fedora-gcc, r-devel-windows-ix86+x86_64, r-patched-linux-x86_64, r-patched-solaris-x86, r-release-linux-x86_64, r-release-windows-ix86+x86_64, r-release-osx-x86_64, r-oldrel-windows-ix86+x86_64
Version: 0.6-5
Check: R code for possible problems
Result: NOTE
biplot.pcaridge : Arrows: no visible global function definition for
‘arrows’
biplot.pcaridge: no visible global function definition for ‘plot’
biplot.pcaridge: no visible global function definition for ‘par’
biplot.ridge: no visible global function definition for ‘coef’
contourf: no visible global function definition for ‘par’
contourf: no visible global function definition for ‘colorRampPalette’
contourf: no visible global function definition for ‘contour’
contourf: no visible global function definition for ‘contourLines’
contourf: no visible global function definition for ‘polygon’
pairs.ridge : panel.label: no visible global function definition for
‘par’
pairs.ridge : panel.label: no visible global function definition for
‘plot’
pairs.ridge : panel.label: no visible global function definition for
‘text’
pairs.ridge : panel.label: no visible global function definition for
‘box’
pairs.ridge : panel.barplot: no visible global function definition for
‘barplot’
pairs.ridge : panel.barplot: no visible global function definition for
‘box’
pairs.ridge: no visible global function definition for ‘par’
pairs.ridge: no visible global function definition for ‘box’
plot.pcaridge: no visible global function definition for ‘coef’
plot.ridge: no visible global function definition for ‘gray’
plot.ridge: no visible global function definition for ‘plot’
plot.ridge: no visible global function definition for ‘abline’
plot.ridge: no visible global function definition for ‘polygon’
plot.ridge: no visible global function definition for ‘text’
plot3d.pcaridge: no visible global function definition for ‘coef’
plot3d.ridge: no visible global function definition for ‘gray’
precision.lm: no visible global function definition for ‘vcov’
precision.lm: no visible global function definition for ‘coefficients’
precision.ridge: no visible global function definition for ‘coef’
print.ridge: no visible global function definition for ‘coef’
ridge.default: no visible global function definition for ‘lm.fit’
ridge.default : <anonymous>: no visible global function definition for
‘uniroot’
ridge.formula: no visible global function definition for
‘model.response’
ridge.formula: no visible global function definition for ‘model.matrix’
ridge.formula: no visible binding for global variable ‘contrasts’
ridge.formula: no visible global function definition for ‘model.offset’
traceplot: no visible global function definition for ‘matplot’
traceplot: no visible global function definition for ‘abline’
traceplot: no visible global function definition for ‘text’
trans.colors: no visible global function definition for ‘col2rgb’
trans.colors: no visible global function definition for ‘rgb’
vif.ridge : Vif: no visible global function definition for ‘cov2cor’
vif.ridge: no visible global function definition for ‘vcov’
vif.ridge: no visible global function definition for ‘coef’
Undefined global functions or variables:
abline arrows barplot box coef coefficients col2rgb colorRampPalette
contour contourLines contrasts cov2cor gray lm.fit matplot
model.matrix model.offset model.response par plot polygon rgb text
uniroot vcov
Consider adding
importFrom("grDevices", "col2rgb", "colorRampPalette", "contourLines",
"gray", "rgb")
importFrom("graphics", "abline", "arrows", "barplot", "box", "contour",
"matplot", "par", "plot", "polygon", "text")
importFrom("stats", "coef", "coefficients", "contrasts", "cov2cor",
"lm.fit", "model.matrix", "model.offset", "model.response",
"uniroot", "vcov")
to your NAMESPACE file.
Flavors: r-devel-linux-x86_64-debian-clang, r-devel-linux-x86_64-debian-gcc, r-devel-linux-x86_64-fedora-clang, r-devel-linux-x86_64-fedora-gcc, r-devel-windows-ix86+x86_64, r-patched-linux-x86_64, r-patched-solaris-x86, r-release-linux-x86_64, r-release-windows-ix86+x86_64, r-release-osx-x86_64, r-oldrel-windows-ix86+x86_64, r-oldrel-osx-x86_64
Version: 0.6-5
Check: dependencies in R code
Result: NOTE
Invalid MIT-MAGIC-COOKIE-1 key'library' or 'require' call to ‘rgl’ in package code.
Please use :: or requireNamespace() instead.
See section 'Suggested packages' in the 'Writing R Extensions' manual.
Flavor: r-oldrel-osx-x86_64