Last updated on 2017-09-26 01:47:21.
Flavor | Version | Tinstall | Tcheck | Ttotal | Status | Flags |
---|---|---|---|---|---|---|
r-devel-linux-x86_64-debian-clang | 1.0.0 | 1.76 | 23.69 | 25.45 | OK | |
r-devel-linux-x86_64-debian-gcc | 1.0.0 | 2.11 | 23.68 | 25.79 | OK | |
r-devel-linux-x86_64-fedora-clang | 1.0.0 | 47.66 | OK | |||
r-devel-linux-x86_64-fedora-gcc | 1.0.0 | 45.77 | OK | |||
r-devel-windows-ix86+x86_64 | 1.0.0 | 7.00 | 47.00 | 54.00 | OK | |
r-patched-linux-x86_64 | 1.0.0 | 1.82 | 23.61 | 25.42 | OK | |
r-patched-solaris-x86 | 1.0.0 | 73.70 | OK | |||
r-release-linux-x86_64 | 1.0.0 | 2.19 | 23.70 | 25.89 | OK | |
r-release-windows-ix86+x86_64 | 1.0.0 | 10.00 | 47.00 | 57.00 | OK | |
r-release-osx-x86_64 | 1.0.0 | WARN | ||||
r-oldrel-windows-ix86+x86_64 | 1.0.0 | 9.00 | 46.00 | 55.00 | OK | |
r-oldrel-osx-x86_64 | 1.0.0 | OK |
Version: 1.0.0
Check: whether package can be installed
Result: WARN
Found the following significant warnings:
Warning: Installed Rcpp (0.12.12) different from Rcpp used to build dplyr (0.12.11).
Flavor: r-release-osx-x86_64