CRAN Package Check Results for Package glmm

Last updated on 2017-09-26 01:47:21.

Flavor Version Tinstall Tcheck Ttotal Status Flags
r-devel-linux-x86_64-debian-clang 1.2.1 5.11 219.04 224.14 OK
r-devel-linux-x86_64-debian-gcc 1.2.1 4.71 220.63 225.33 OK
r-devel-linux-x86_64-fedora-clang 1.2.1 455.47 OK
r-devel-linux-x86_64-fedora-gcc 1.2.1 460.65 OK
r-devel-windows-ix86+x86_64 1.2.1 23.00 392.00 415.00 OK
r-patched-linux-x86_64 1.2.1 4.59 216.03 220.62 OK
r-patched-solaris-x86 1.2.1 749.60 OK
r-release-linux-x86_64 1.2.1 4.96 215.08 220.03 OK
r-release-windows-ix86+x86_64 1.2.1 21.00 431.00 452.00 OK
r-release-osx-x86_64 1.2.1 WARN
r-oldrel-windows-ix86+x86_64 1.2.1 34.00 407.00 441.00 OK
r-oldrel-osx-x86_64 1.2.1 OK

Check Details

Version: 1.2.1
Check: re-building of vignette outputs
Result: WARN
    Error in re-building vignettes:
     ...
    Warning: running command 'kpsewhich framed.sty' had status 1
    Warning in test_latex_pkg("framed", system.file("misc", "framed.sty", package = "knitr")) :
     unable to find LaTeX package 'framed'; will use a copy from knitr
    Error in texi2dvi(file = file, pdf = TRUE, clean = clean, quiet = quiet, :
     Running 'texi2dvi' on 'intro.tex' failed.
    LaTeX errors:
    ! LaTeX Error: File `titlesec.sty' not found.
    
    Type X to quit or <RETURN> to proceed,
    or enter new name. (Default extension: sty)
    
    ! Emergency stop.
    <read *>
    
    l.79 \title
     {An Introduction to Model-Fitting with the R package \texttt{glmm...
    ! ==> Fatal error occurred, no output PDF file produced!
    Calls: buildVignettes -> texi2pdf -> texi2dvi
    Execution halted
Flavor: r-release-osx-x86_64